{"id":295,"date":"2024-05-17T09:09:24","date_gmt":"2024-05-17T09:09:24","guid":{"rendered":"https:\/\/andre-bazin.fr\/food-service\/?post_type=modele-produit&#038;p=295"},"modified":"2025-01-08T14:24:22","modified_gmt":"2025-01-08T14:24:22","slug":"saudisse-de-francfort-strasbourg-knack","status":"publish","type":"modele-produit","link":"https:\/\/andre-bazin.fr\/food-service\/modele-produit\/saudisse-de-francfort-strasbourg-knack\/","title":{"rendered":"Saucisse de Francfort, Strasbourg, Knack"},"content":{"rendered":"\n<p><span style=\"font-family: Poppins, sans-serif;font-size: 16px;text-align: justify\">Les incontournables de la p\u00e2te fine, adapt\u00e9es et pr\u00e9par\u00e9es pour r\u00e9pondre \u00e0 vos besoins<\/span><p style=\"font-size: 16px;margin-top: 0px;margin-bottom: 1rem;font-family: Poppins, sans-serif;text-align: justify\">Base de recette Francfort, Strasbourg ou Knack, conformes au code des usages de la charcuterie.\u00a0<span>Composition, Grammage et Longueur adaptables \u00e0 vos besoins.<\/span>\u00a0<span>Disponible en saucisses entieres calibr\u00e9es, ou en d\u00e9coupe IQF (d\u00e9s ou rondelles) selon vos contraintes industrielles.<\/span>\u00a0<span>Fumage traditionnel possible<\/span>.\u00a0<span>Fabrication \u00e0 partir de viandes fran\u00e7aises, clean labelling, bio.<\/span><\/p><\/p>\n\n\n\n<p><\/p>\n","protected":false},"featured_media":296,"template":"","categories-produits":[15,36],"class_list":["post-295","modele-produit","type-modele-produit","status-publish","has-post-thumbnail","hentry","categories-produits-saucisserie","categories-produits-saucisses-pates-fines"],"yoast_head":"<!-- This site is optimized with the Yoast SEO plugin v27.3 - https:\/\/yoast.com\/product\/yoast-seo-wordpress\/ -->\n<title>Saucisse de Francfort, Strasbourg, Knack - Food Service - Andre Bazin - Charcuterie et Salaison<\/title>\n<meta name=\"robots\" content=\"index, follow, max-snippet:-1, max-image-preview:large, max-video-preview:-1\" \/>\n<link rel=\"canonical\" href=\"https:\/\/andre-bazin.fr\/food-service\/modele-produit\/saudisse-de-francfort-strasbourg-knack\/\" \/>\n<meta property=\"og:locale\" content=\"fr_FR\" \/>\n<meta property=\"og:type\" content=\"article\" \/>\n<meta property=\"og:title\" content=\"Saucisse de Francfort, Strasbourg, Knack - Food Service - Andre Bazin - Charcuterie et Salaison\" \/>\n<meta property=\"og:description\" content=\"Les incontournables de la p\u00e2te fine, adapt\u00e9es et pr\u00e9par\u00e9es pour r\u00e9pondre \u00e0 vos besoins Base de recette Francfort, Strasbourg ou Knack, conformes au code des usages de la charcuterie.\u00a0Composition, Grammage et Longueur adaptables \u00e0 vos besoins.\u00a0Disponible en saucisses entieres calibr\u00e9es, ou en d\u00e9coupe IQF (d\u00e9s ou rondelles) selon vos contraintes industrielles.\u00a0Fumage traditionnel possible.\u00a0Fabrication \u00e0 partir [&hellip;]\" \/>\n<meta property=\"og:url\" content=\"https:\/\/andre-bazin.fr\/food-service\/modele-produit\/saudisse-de-francfort-strasbourg-knack\/\" \/>\n<meta property=\"og:site_name\" content=\"Food Service - Andre Bazin - Charcuterie et Salaison\" \/>\n<meta property=\"article:modified_time\" content=\"2025-01-08T14:24:22+00:00\" \/>\n<meta property=\"og:image\" content=\"https:\/\/andre-bazin.fr\/food-service\/wp-content\/uploads\/sites\/8\/2024\/05\/200x200_9c8ba1e26e436_knacks-entieres.jpg\" \/>\n\t<meta property=\"og:image:width\" content=\"200\" \/>\n\t<meta property=\"og:image:height\" content=\"200\" \/>\n\t<meta property=\"og:image:type\" content=\"image\/jpeg\" \/>\n<meta name=\"twitter:card\" content=\"summary_large_image\" \/>\n<meta name=\"twitter:label1\" content=\"Dur\u00e9e de lecture estim\u00e9e\" \/>\n\t<meta name=\"twitter:data1\" content=\"1 minute\" \/>\n<script type=\"application\/ld+json\" class=\"yoast-schema-graph\">{\"@context\":\"https:\\\/\\\/schema.org\",\"@graph\":[{\"@type\":\"WebPage\",\"@id\":\"https:\\\/\\\/andre-bazin.fr\\\/food-service\\\/modele-produit\\\/saudisse-de-francfort-strasbourg-knack\\\/\",\"url\":\"https:\\\/\\\/andre-bazin.fr\\\/food-service\\\/modele-produit\\\/saudisse-de-francfort-strasbourg-knack\\\/\",\"name\":\"Saucisse de Francfort, Strasbourg, Knack - Food Service - Andre Bazin - Charcuterie et Salaison\",\"isPartOf\":{\"@id\":\"https:\\\/\\\/andre-bazin.fr\\\/food-service\\\/#website\"},\"primaryImageOfPage\":{\"@id\":\"https:\\\/\\\/andre-bazin.fr\\\/food-service\\\/modele-produit\\\/saudisse-de-francfort-strasbourg-knack\\\/#primaryimage\"},\"image\":{\"@id\":\"https:\\\/\\\/andre-bazin.fr\\\/food-service\\\/modele-produit\\\/saudisse-de-francfort-strasbourg-knack\\\/#primaryimage\"},\"thumbnailUrl\":\"https:\\\/\\\/andre-bazin.fr\\\/food-service\\\/wp-content\\\/uploads\\\/sites\\\/8\\\/2024\\\/05\\\/200x200_9c8ba1e26e436_knacks-entieres.jpg\",\"datePublished\":\"2024-05-17T09:09:24+00:00\",\"dateModified\":\"2025-01-08T14:24:22+00:00\",\"breadcrumb\":{\"@id\":\"https:\\\/\\\/andre-bazin.fr\\\/food-service\\\/modele-produit\\\/saudisse-de-francfort-strasbourg-knack\\\/#breadcrumb\"},\"inLanguage\":\"fr-FR\",\"potentialAction\":[{\"@type\":\"ReadAction\",\"target\":[\"https:\\\/\\\/andre-bazin.fr\\\/food-service\\\/modele-produit\\\/saudisse-de-francfort-strasbourg-knack\\\/\"]}]},{\"@type\":\"ImageObject\",\"inLanguage\":\"fr-FR\",\"@id\":\"https:\\\/\\\/andre-bazin.fr\\\/food-service\\\/modele-produit\\\/saudisse-de-francfort-strasbourg-knack\\\/#primaryimage\",\"url\":\"https:\\\/\\\/andre-bazin.fr\\\/food-service\\\/wp-content\\\/uploads\\\/sites\\\/8\\\/2024\\\/05\\\/200x200_9c8ba1e26e436_knacks-entieres.jpg\",\"contentUrl\":\"https:\\\/\\\/andre-bazin.fr\\\/food-service\\\/wp-content\\\/uploads\\\/sites\\\/8\\\/2024\\\/05\\\/200x200_9c8ba1e26e436_knacks-entieres.jpg\",\"width\":200,\"height\":200},{\"@type\":\"BreadcrumbList\",\"@id\":\"https:\\\/\\\/andre-bazin.fr\\\/food-service\\\/modele-produit\\\/saudisse-de-francfort-strasbourg-knack\\\/#breadcrumb\",\"itemListElement\":[{\"@type\":\"ListItem\",\"position\":1,\"name\":\"Accueil\",\"item\":\"https:\\\/\\\/andre-bazin.fr\\\/food-service\\\/\"},{\"@type\":\"ListItem\",\"position\":2,\"name\":\"Les produits\",\"item\":\"https:\\\/\\\/andre-bazin.fr\\\/food-service\\\/modele-produit\\\/\"},{\"@type\":\"ListItem\",\"position\":3,\"name\":\"Saucisse de Francfort, Strasbourg, Knack\"}]},{\"@type\":\"WebSite\",\"@id\":\"https:\\\/\\\/andre-bazin.fr\\\/food-service\\\/#website\",\"url\":\"https:\\\/\\\/andre-bazin.fr\\\/food-service\\\/\",\"name\":\"Food Service - Andre Bazin - Charcuterie et Salaison\",\"description\":\"\",\"publisher\":{\"@id\":\"https:\\\/\\\/andre-bazin.fr\\\/food-service\\\/#organization\"},\"potentialAction\":[{\"@type\":\"SearchAction\",\"target\":{\"@type\":\"EntryPoint\",\"urlTemplate\":\"https:\\\/\\\/andre-bazin.fr\\\/food-service\\\/?s={search_term_string}\"},\"query-input\":{\"@type\":\"PropertyValueSpecification\",\"valueRequired\":true,\"valueName\":\"search_term_string\"}}],\"inLanguage\":\"fr-FR\"},{\"@type\":\"Organization\",\"@id\":\"https:\\\/\\\/andre-bazin.fr\\\/food-service\\\/#organization\",\"name\":\"Food Service - Andre Bazin - Charcuterie et Salaison\",\"url\":\"https:\\\/\\\/andre-bazin.fr\\\/food-service\\\/\",\"logo\":{\"@type\":\"ImageObject\",\"inLanguage\":\"fr-FR\",\"@id\":\"https:\\\/\\\/andre-bazin.fr\\\/food-service\\\/#\\\/schema\\\/logo\\\/image\\\/\",\"url\":\"https:\\\/\\\/andre-bazin.fr\\\/food-service\\\/wp-content\\\/uploads\\\/sites\\\/8\\\/2024\\\/05\\\/LOGO_ANDRE_BAZIN-HD.png\",\"contentUrl\":\"https:\\\/\\\/andre-bazin.fr\\\/food-service\\\/wp-content\\\/uploads\\\/sites\\\/8\\\/2024\\\/05\\\/LOGO_ANDRE_BAZIN-HD.png\",\"width\":1515,\"height\":660,\"caption\":\"Food Service - Andre Bazin - Charcuterie et Salaison\"},\"image\":{\"@id\":\"https:\\\/\\\/andre-bazin.fr\\\/food-service\\\/#\\\/schema\\\/logo\\\/image\\\/\"}}]}<\/script>\n<!-- \/ Yoast SEO plugin. -->","yoast_head_json":{"title":"Saucisse de Francfort, Strasbourg, Knack - Food Service - Andre Bazin - Charcuterie et Salaison","robots":{"index":"index","follow":"follow","max-snippet":"max-snippet:-1","max-image-preview":"max-image-preview:large","max-video-preview":"max-video-preview:-1"},"canonical":"https:\/\/andre-bazin.fr\/food-service\/modele-produit\/saudisse-de-francfort-strasbourg-knack\/","og_locale":"fr_FR","og_type":"article","og_title":"Saucisse de Francfort, Strasbourg, Knack - Food Service - Andre Bazin - Charcuterie et Salaison","og_description":"Les incontournables de la p\u00e2te fine, adapt\u00e9es et pr\u00e9par\u00e9es pour r\u00e9pondre \u00e0 vos besoins Base de recette Francfort, Strasbourg ou Knack, conformes au code des usages de la charcuterie.\u00a0Composition, Grammage et Longueur adaptables \u00e0 vos besoins.\u00a0Disponible en saucisses entieres calibr\u00e9es, ou en d\u00e9coupe IQF (d\u00e9s ou rondelles) selon vos contraintes industrielles.\u00a0Fumage traditionnel possible.\u00a0Fabrication \u00e0 partir [&hellip;]","og_url":"https:\/\/andre-bazin.fr\/food-service\/modele-produit\/saudisse-de-francfort-strasbourg-knack\/","og_site_name":"Food Service - Andre Bazin - Charcuterie et Salaison","article_modified_time":"2025-01-08T14:24:22+00:00","og_image":[{"width":200,"height":200,"url":"https:\/\/andre-bazin.fr\/food-service\/wp-content\/uploads\/sites\/8\/2024\/05\/200x200_9c8ba1e26e436_knacks-entieres.jpg","type":"image\/jpeg"}],"twitter_card":"summary_large_image","twitter_misc":{"Dur\u00e9e de lecture estim\u00e9e":"1 minute"},"schema":{"@context":"https:\/\/schema.org","@graph":[{"@type":"WebPage","@id":"https:\/\/andre-bazin.fr\/food-service\/modele-produit\/saudisse-de-francfort-strasbourg-knack\/","url":"https:\/\/andre-bazin.fr\/food-service\/modele-produit\/saudisse-de-francfort-strasbourg-knack\/","name":"Saucisse de Francfort, Strasbourg, Knack - Food Service - Andre Bazin - Charcuterie et Salaison","isPartOf":{"@id":"https:\/\/andre-bazin.fr\/food-service\/#website"},"primaryImageOfPage":{"@id":"https:\/\/andre-bazin.fr\/food-service\/modele-produit\/saudisse-de-francfort-strasbourg-knack\/#primaryimage"},"image":{"@id":"https:\/\/andre-bazin.fr\/food-service\/modele-produit\/saudisse-de-francfort-strasbourg-knack\/#primaryimage"},"thumbnailUrl":"https:\/\/andre-bazin.fr\/food-service\/wp-content\/uploads\/sites\/8\/2024\/05\/200x200_9c8ba1e26e436_knacks-entieres.jpg","datePublished":"2024-05-17T09:09:24+00:00","dateModified":"2025-01-08T14:24:22+00:00","breadcrumb":{"@id":"https:\/\/andre-bazin.fr\/food-service\/modele-produit\/saudisse-de-francfort-strasbourg-knack\/#breadcrumb"},"inLanguage":"fr-FR","potentialAction":[{"@type":"ReadAction","target":["https:\/\/andre-bazin.fr\/food-service\/modele-produit\/saudisse-de-francfort-strasbourg-knack\/"]}]},{"@type":"ImageObject","inLanguage":"fr-FR","@id":"https:\/\/andre-bazin.fr\/food-service\/modele-produit\/saudisse-de-francfort-strasbourg-knack\/#primaryimage","url":"https:\/\/andre-bazin.fr\/food-service\/wp-content\/uploads\/sites\/8\/2024\/05\/200x200_9c8ba1e26e436_knacks-entieres.jpg","contentUrl":"https:\/\/andre-bazin.fr\/food-service\/wp-content\/uploads\/sites\/8\/2024\/05\/200x200_9c8ba1e26e436_knacks-entieres.jpg","width":200,"height":200},{"@type":"BreadcrumbList","@id":"https:\/\/andre-bazin.fr\/food-service\/modele-produit\/saudisse-de-francfort-strasbourg-knack\/#breadcrumb","itemListElement":[{"@type":"ListItem","position":1,"name":"Accueil","item":"https:\/\/andre-bazin.fr\/food-service\/"},{"@type":"ListItem","position":2,"name":"Les produits","item":"https:\/\/andre-bazin.fr\/food-service\/modele-produit\/"},{"@type":"ListItem","position":3,"name":"Saucisse de Francfort, Strasbourg, Knack"}]},{"@type":"WebSite","@id":"https:\/\/andre-bazin.fr\/food-service\/#website","url":"https:\/\/andre-bazin.fr\/food-service\/","name":"Food Service - Andre Bazin - Charcuterie et Salaison","description":"","publisher":{"@id":"https:\/\/andre-bazin.fr\/food-service\/#organization"},"potentialAction":[{"@type":"SearchAction","target":{"@type":"EntryPoint","urlTemplate":"https:\/\/andre-bazin.fr\/food-service\/?s={search_term_string}"},"query-input":{"@type":"PropertyValueSpecification","valueRequired":true,"valueName":"search_term_string"}}],"inLanguage":"fr-FR"},{"@type":"Organization","@id":"https:\/\/andre-bazin.fr\/food-service\/#organization","name":"Food Service - Andre Bazin - Charcuterie et Salaison","url":"https:\/\/andre-bazin.fr\/food-service\/","logo":{"@type":"ImageObject","inLanguage":"fr-FR","@id":"https:\/\/andre-bazin.fr\/food-service\/#\/schema\/logo\/image\/","url":"https:\/\/andre-bazin.fr\/food-service\/wp-content\/uploads\/sites\/8\/2024\/05\/LOGO_ANDRE_BAZIN-HD.png","contentUrl":"https:\/\/andre-bazin.fr\/food-service\/wp-content\/uploads\/sites\/8\/2024\/05\/LOGO_ANDRE_BAZIN-HD.png","width":1515,"height":660,"caption":"Food Service - Andre Bazin - Charcuterie et Salaison"},"image":{"@id":"https:\/\/andre-bazin.fr\/food-service\/#\/schema\/logo\/image\/"}}]}},"_links":{"self":[{"href":"https:\/\/andre-bazin.fr\/food-service\/wp-json\/wp\/v2\/modele-produit\/295","targetHints":{"allow":["GET"]}}],"collection":[{"href":"https:\/\/andre-bazin.fr\/food-service\/wp-json\/wp\/v2\/modele-produit"}],"about":[{"href":"https:\/\/andre-bazin.fr\/food-service\/wp-json\/wp\/v2\/types\/modele-produit"}],"wp:featuredmedia":[{"embeddable":true,"href":"https:\/\/andre-bazin.fr\/food-service\/wp-json\/wp\/v2\/media\/296"}],"wp:attachment":[{"href":"https:\/\/andre-bazin.fr\/food-service\/wp-json\/wp\/v2\/media?parent=295"}],"wp:term":[{"taxonomy":"categories-produits","embeddable":true,"href":"https:\/\/andre-bazin.fr\/food-service\/wp-json\/wp\/v2\/categories-produits?post=295"}],"curies":[{"name":"wp","href":"https:\/\/api.w.org\/{rel}","templated":true}]}}

<p><span style="font-family: Poppins, sans-serif;font-size: 16px;text-align: justify">Les incontournables de la pâte fine, adaptées et préparées pour répondre à vos besoins</span><p style="font-size: 16px;margin-top: 0px;margin-bottom: 1rem;font-family: Poppins, sans-serif;text-align: justify">Base de recette Francfort, Strasbourg ou Knack, conformes au code des usages de la charcuterie. <span>Composition, Grammage et Longueur adaptables à vos besoins.</span> <span>Disponible en saucisses entieres calibrées, ou en découpe IQF (dés ou rondelles) selon vos contraintes industrielles.</span> <span>Fumage traditionnel possible</span>. <span>Fabrication à partir de viandes françaises, clean labelling, bio.</span></p></p>



<p></p>

<!-- This site is optimized with the Yoast SEO plugin v27.3 - https://yoast.com/product/yoast-seo-wordpress/ -->
<title>Saucisse de Francfort, Strasbourg, Knack - Food Service - Andre Bazin - Charcuterie et Salaison</title>
<meta name="robots" content="index, follow, max-snippet:-1, max-image-preview:large, max-video-preview:-1" />
<link rel="canonical" href="https://andre-bazin.fr/food-service/modele-produit/saudisse-de-francfort-strasbourg-knack/" />
<meta property="og:locale" content="fr_FR" />
<meta property="og:type" content="article" />
<meta property="og:title" content="Saucisse de Francfort, Strasbourg, Knack - Food Service - Andre Bazin - Charcuterie et Salaison" />
<meta property="og:description" content="Les incontournables de la pâte fine, adaptées et préparées pour répondre à vos besoins Base de recette Francfort, Strasbourg ou Knack, conformes au code des usages de la charcuterie. Composition, Grammage et Longueur adaptables à vos besoins. Disponible en saucisses entieres calibrées, ou en découpe IQF (dés ou rondelles) selon vos contraintes industrielles. Fumage traditionnel possible. Fabrication à partir [&hellip;]" />
<meta property="og:url" content="https://andre-bazin.fr/food-service/modele-produit/saudisse-de-francfort-strasbourg-knack/" />
<meta property="og:site_name" content="Food Service - Andre Bazin - Charcuterie et Salaison" />
<meta property="article:modified_time" content="2025-01-08T14:24:22+00:00" />
<meta property="og:image" content="https://andre-bazin.fr/food-service/wp-content/uploads/sites/8/2024/05/200x200_9c8ba1e26e436_knacks-entieres.jpg" />
	<meta property="og:image:width" content="200" />
	<meta property="og:image:height" content="200" />
	<meta property="og:image:type" content="image/jpeg" />
<meta name="twitter:card" content="summary_large_image" />
<meta name="twitter:label1" content="Durée de lecture estimée" />
	<meta name="twitter:data1" content="1 minute" />
<script type="application/ld+json" class="yoast-schema-graph">{"@context":"https:\/\/schema.org","@graph":[{"@type":"WebPage","@id":"https:\/\/andre-bazin.fr\/food-service\/modele-produit\/saudisse-de-francfort-strasbourg-knack\/","url":"https:\/\/andre-bazin.fr\/food-service\/modele-produit\/saudisse-de-francfort-strasbourg-knack\/","name":"Saucisse de Francfort, Strasbourg, Knack - Food Service - Andre Bazin - Charcuterie et Salaison","isPartOf":{"@id":"https:\/\/andre-bazin.fr\/food-service\/#website"},"primaryImageOfPage":{"@id":"https:\/\/andre-bazin.fr\/food-service\/modele-produit\/saudisse-de-francfort-strasbourg-knack\/#primaryimage"},"image":{"@id":"https:\/\/andre-bazin.fr\/food-service\/modele-produit\/saudisse-de-francfort-strasbourg-knack\/#primaryimage"},"thumbnailUrl":"https:\/\/andre-bazin.fr\/food-service\/wp-content\/uploads\/sites\/8\/2024\/05\/200x200_9c8ba1e26e436_knacks-entieres.jpg","datePublished":"2024-05-17T09:09:24+00:00","dateModified":"2025-01-08T14:24:22+00:00","breadcrumb":{"@id":"https:\/\/andre-bazin.fr\/food-service\/modele-produit\/saudisse-de-francfort-strasbourg-knack\/#breadcrumb"},"inLanguage":"fr-FR","potentialAction":[{"@type":"ReadAction","target":["https:\/\/andre-bazin.fr\/food-service\/modele-produit\/saudisse-de-francfort-strasbourg-knack\/"]}]},{"@type":"ImageObject","inLanguage":"fr-FR","@id":"https:\/\/andre-bazin.fr\/food-service\/modele-produit\/saudisse-de-francfort-strasbourg-knack\/#primaryimage","url":"https:\/\/andre-bazin.fr\/food-service\/wp-content\/uploads\/sites\/8\/2024\/05\/200x200_9c8ba1e26e436_knacks-entieres.jpg","contentUrl":"https:\/\/andre-bazin.fr\/food-service\/wp-content\/uploads\/sites\/8\/2024\/05\/200x200_9c8ba1e26e436_knacks-entieres.jpg","width":200,"height":200},{"@type":"BreadcrumbList","@id":"https:\/\/andre-bazin.fr\/food-service\/modele-produit\/saudisse-de-francfort-strasbourg-knack\/#breadcrumb","itemListElement":[{"@type":"ListItem","position":1,"name":"Accueil","item":"https:\/\/andre-bazin.fr\/food-service\/"},{"@type":"ListItem","position":2,"name":"Les produits","item":"https:\/\/andre-bazin.fr\/food-service\/modele-produit\/"},{"@type":"ListItem","position":3,"name":"Saucisse de Francfort, Strasbourg, Knack"}]},{"@type":"WebSite","@id":"https:\/\/andre-bazin.fr\/food-service\/#website","url":"https:\/\/andre-bazin.fr\/food-service\/","name":"Food Service - Andre Bazin - Charcuterie et Salaison","description":"","publisher":{"@id":"https:\/\/andre-bazin.fr\/food-service\/#organization"},"potentialAction":[{"@type":"SearchAction","target":{"@type":"EntryPoint","urlTemplate":"https:\/\/andre-bazin.fr\/food-service\/?s={search_term_string}"},"query-input":{"@type":"PropertyValueSpecification","valueRequired":true,"valueName":"search_term_string"}}],"inLanguage":"fr-FR"},{"@type":"Organization","@id":"https:\/\/andre-bazin.fr\/food-service\/#organization","name":"Food Service - Andre Bazin - Charcuterie et Salaison","url":"https:\/\/andre-bazin.fr\/food-service\/","logo":{"@type":"ImageObject","inLanguage":"fr-FR","@id":"https:\/\/andre-bazin.fr\/food-service\/#\/schema\/logo\/image\/","url":"https:\/\/andre-bazin.fr\/food-service\/wp-content\/uploads\/sites\/8\/2024\/05\/LOGO_ANDRE_BAZIN-HD.png","contentUrl":"https:\/\/andre-bazin.fr\/food-service\/wp-content\/uploads\/sites\/8\/2024\/05\/LOGO_ANDRE_BAZIN-HD.png","width":1515,"height":660,"caption":"Food Service - Andre Bazin - Charcuterie et Salaison"},"image":{"@id":"https:\/\/andre-bazin.fr\/food-service\/#\/schema\/logo\/image\/"}}]}</script>
<!-- / Yoast SEO plugin. -->

Les incontournables de la pâte fine, adaptées et préparées pour répondre à vos besoins Base de recette Francfort, Strasbourg ou Knack, conformes au code des usages de la charcuterie. Composition, Grammage et Longueur adaptables à vos besoins. Disponible en saucisses entieres calibrées, ou en découpe IQF (dés ou rondelles) selon vos contraintes industrielles. Fumage traditionnel possible. Fabrication à partir [&hellip;]
