{"id":339,"date":"2024-05-17T09:33:25","date_gmt":"2024-05-17T09:33:25","guid":{"rendered":"https:\/\/andre-bazin.fr\/food-service\/?post_type=modele-produit&#038;p=339"},"modified":"2024-07-28T17:55:57","modified_gmt":"2024-07-28T17:55:57","slug":"boeuf-cuit-calibre-cube","status":"publish","type":"modele-produit","link":"https:\/\/andre-bazin.fr\/food-service\/modele-produit\/boeuf-cuit-calibre-cube\/","title":{"rendered":"Boeuf cuit calibr\u00e9 cub\u00e9"},"content":{"rendered":"\n<p><em>Des cubes de viande de boeuf cuits et calibr\u00e9s selon vos besoins pour vos po\u00eal\u00e9es ou vos plats cuisin\u00e9s<\/em><\/p>\n\n\n\n<p>Cubes de Boeuf cuit calibr\u00e9 et cub\u00e9 surgl\u00e9s IQF &#8211; un produit id\u00e9al pour vos po\u00eal\u00e9es. Composition adpatable en fonction de vos exigences sur la base de qualit\u00e9s Standard, Choix ou Sup\u00e9rieures. Cubage et calibrage selon vos besoins. Produit r\u00e9laisables en Viande Bovine Francaise, en Clean Label, en Bio ou en Halal selon vos contraintes clients.<\/p>\n","protected":false},"featured_media":340,"template":"","categories-produits":[42,17],"class_list":["post-339","modele-produit","type-modele-produit","status-publish","has-post-thumbnail","hentry","categories-produits-boeuf-cuit","categories-produits-produits-de-boeuf-et-de-veau"],"yoast_head":"<!-- This site is optimized with the Yoast SEO plugin v27.3 - https:\/\/yoast.com\/product\/yoast-seo-wordpress\/ -->\n<title>Boeuf cuit calibr\u00e9 cub\u00e9 - Food Service - Andre Bazin - Charcuterie et Salaison<\/title>\n<meta name=\"robots\" content=\"index, follow, max-snippet:-1, max-image-preview:large, max-video-preview:-1\" \/>\n<link rel=\"canonical\" href=\"https:\/\/andre-bazin.fr\/food-service\/modele-produit\/boeuf-cuit-calibre-cube\/\" \/>\n<meta property=\"og:locale\" content=\"fr_FR\" \/>\n<meta property=\"og:type\" content=\"article\" \/>\n<meta property=\"og:title\" content=\"Boeuf cuit calibr\u00e9 cub\u00e9 - Food Service - Andre Bazin - Charcuterie et Salaison\" \/>\n<meta property=\"og:description\" content=\"Des cubes de viande de boeuf cuits et calibr\u00e9s selon vos besoins pour vos po\u00eal\u00e9es ou vos plats cuisin\u00e9s Cubes de Boeuf cuit calibr\u00e9 et cub\u00e9 surgl\u00e9s IQF &#8211; un produit id\u00e9al pour vos po\u00eal\u00e9es. Composition adpatable en fonction de vos exigences sur la base de qualit\u00e9s Standard, Choix ou Sup\u00e9rieures. Cubage et calibrage selon [&hellip;]\" \/>\n<meta property=\"og:url\" content=\"https:\/\/andre-bazin.fr\/food-service\/modele-produit\/boeuf-cuit-calibre-cube\/\" \/>\n<meta property=\"og:site_name\" content=\"Food Service - Andre Bazin - Charcuterie et Salaison\" \/>\n<meta property=\"article:modified_time\" content=\"2024-07-28T17:55:57+00:00\" \/>\n<meta property=\"og:image\" content=\"https:\/\/andre-bazin.fr\/food-service\/wp-content\/uploads\/sites\/8\/2024\/05\/image-10.jpeg\" \/>\n\t<meta property=\"og:image:width\" content=\"200\" \/>\n\t<meta property=\"og:image:height\" content=\"200\" \/>\n\t<meta property=\"og:image:type\" content=\"image\/jpeg\" \/>\n<meta name=\"twitter:card\" content=\"summary_large_image\" \/>\n<script type=\"application\/ld+json\" class=\"yoast-schema-graph\">{\"@context\":\"https:\\\/\\\/schema.org\",\"@graph\":[{\"@type\":\"WebPage\",\"@id\":\"https:\\\/\\\/andre-bazin.fr\\\/food-service\\\/modele-produit\\\/boeuf-cuit-calibre-cube\\\/\",\"url\":\"https:\\\/\\\/andre-bazin.fr\\\/food-service\\\/modele-produit\\\/boeuf-cuit-calibre-cube\\\/\",\"name\":\"Boeuf cuit calibr\u00e9 cub\u00e9 - Food Service - Andre Bazin - Charcuterie et Salaison\",\"isPartOf\":{\"@id\":\"https:\\\/\\\/andre-bazin.fr\\\/food-service\\\/#website\"},\"primaryImageOfPage\":{\"@id\":\"https:\\\/\\\/andre-bazin.fr\\\/food-service\\\/modele-produit\\\/boeuf-cuit-calibre-cube\\\/#primaryimage\"},\"image\":{\"@id\":\"https:\\\/\\\/andre-bazin.fr\\\/food-service\\\/modele-produit\\\/boeuf-cuit-calibre-cube\\\/#primaryimage\"},\"thumbnailUrl\":\"https:\\\/\\\/andre-bazin.fr\\\/food-service\\\/wp-content\\\/uploads\\\/sites\\\/8\\\/2024\\\/05\\\/image-10.jpeg\",\"datePublished\":\"2024-05-17T09:33:25+00:00\",\"dateModified\":\"2024-07-28T17:55:57+00:00\",\"breadcrumb\":{\"@id\":\"https:\\\/\\\/andre-bazin.fr\\\/food-service\\\/modele-produit\\\/boeuf-cuit-calibre-cube\\\/#breadcrumb\"},\"inLanguage\":\"fr-FR\",\"potentialAction\":[{\"@type\":\"ReadAction\",\"target\":[\"https:\\\/\\\/andre-bazin.fr\\\/food-service\\\/modele-produit\\\/boeuf-cuit-calibre-cube\\\/\"]}]},{\"@type\":\"ImageObject\",\"inLanguage\":\"fr-FR\",\"@id\":\"https:\\\/\\\/andre-bazin.fr\\\/food-service\\\/modele-produit\\\/boeuf-cuit-calibre-cube\\\/#primaryimage\",\"url\":\"https:\\\/\\\/andre-bazin.fr\\\/food-service\\\/wp-content\\\/uploads\\\/sites\\\/8\\\/2024\\\/05\\\/image-10.jpeg\",\"contentUrl\":\"https:\\\/\\\/andre-bazin.fr\\\/food-service\\\/wp-content\\\/uploads\\\/sites\\\/8\\\/2024\\\/05\\\/image-10.jpeg\",\"width\":200,\"height\":200},{\"@type\":\"BreadcrumbList\",\"@id\":\"https:\\\/\\\/andre-bazin.fr\\\/food-service\\\/modele-produit\\\/boeuf-cuit-calibre-cube\\\/#breadcrumb\",\"itemListElement\":[{\"@type\":\"ListItem\",\"position\":1,\"name\":\"Accueil\",\"item\":\"https:\\\/\\\/andre-bazin.fr\\\/food-service\\\/\"},{\"@type\":\"ListItem\",\"position\":2,\"name\":\"Les produits\",\"item\":\"https:\\\/\\\/andre-bazin.fr\\\/food-service\\\/modele-produit\\\/\"},{\"@type\":\"ListItem\",\"position\":3,\"name\":\"Boeuf cuit calibr\u00e9 cub\u00e9\"}]},{\"@type\":\"WebSite\",\"@id\":\"https:\\\/\\\/andre-bazin.fr\\\/food-service\\\/#website\",\"url\":\"https:\\\/\\\/andre-bazin.fr\\\/food-service\\\/\",\"name\":\"Food Service - Andre Bazin - Charcuterie et Salaison\",\"description\":\"\",\"publisher\":{\"@id\":\"https:\\\/\\\/andre-bazin.fr\\\/food-service\\\/#organization\"},\"potentialAction\":[{\"@type\":\"SearchAction\",\"target\":{\"@type\":\"EntryPoint\",\"urlTemplate\":\"https:\\\/\\\/andre-bazin.fr\\\/food-service\\\/?s={search_term_string}\"},\"query-input\":{\"@type\":\"PropertyValueSpecification\",\"valueRequired\":true,\"valueName\":\"search_term_string\"}}],\"inLanguage\":\"fr-FR\"},{\"@type\":\"Organization\",\"@id\":\"https:\\\/\\\/andre-bazin.fr\\\/food-service\\\/#organization\",\"name\":\"Food Service - Andre Bazin - Charcuterie et Salaison\",\"url\":\"https:\\\/\\\/andre-bazin.fr\\\/food-service\\\/\",\"logo\":{\"@type\":\"ImageObject\",\"inLanguage\":\"fr-FR\",\"@id\":\"https:\\\/\\\/andre-bazin.fr\\\/food-service\\\/#\\\/schema\\\/logo\\\/image\\\/\",\"url\":\"https:\\\/\\\/andre-bazin.fr\\\/food-service\\\/wp-content\\\/uploads\\\/sites\\\/8\\\/2024\\\/05\\\/LOGO_ANDRE_BAZIN-HD.png\",\"contentUrl\":\"https:\\\/\\\/andre-bazin.fr\\\/food-service\\\/wp-content\\\/uploads\\\/sites\\\/8\\\/2024\\\/05\\\/LOGO_ANDRE_BAZIN-HD.png\",\"width\":1515,\"height\":660,\"caption\":\"Food Service - Andre Bazin - Charcuterie et Salaison\"},\"image\":{\"@id\":\"https:\\\/\\\/andre-bazin.fr\\\/food-service\\\/#\\\/schema\\\/logo\\\/image\\\/\"}}]}<\/script>\n<!-- \/ Yoast SEO plugin. -->","yoast_head_json":{"title":"Boeuf cuit calibr\u00e9 cub\u00e9 - Food Service - Andre Bazin - Charcuterie et Salaison","robots":{"index":"index","follow":"follow","max-snippet":"max-snippet:-1","max-image-preview":"max-image-preview:large","max-video-preview":"max-video-preview:-1"},"canonical":"https:\/\/andre-bazin.fr\/food-service\/modele-produit\/boeuf-cuit-calibre-cube\/","og_locale":"fr_FR","og_type":"article","og_title":"Boeuf cuit calibr\u00e9 cub\u00e9 - Food Service - Andre Bazin - Charcuterie et Salaison","og_description":"Des cubes de viande de boeuf cuits et calibr\u00e9s selon vos besoins pour vos po\u00eal\u00e9es ou vos plats cuisin\u00e9s Cubes de Boeuf cuit calibr\u00e9 et cub\u00e9 surgl\u00e9s IQF &#8211; un produit id\u00e9al pour vos po\u00eal\u00e9es. Composition adpatable en fonction de vos exigences sur la base de qualit\u00e9s Standard, Choix ou Sup\u00e9rieures. Cubage et calibrage selon [&hellip;]","og_url":"https:\/\/andre-bazin.fr\/food-service\/modele-produit\/boeuf-cuit-calibre-cube\/","og_site_name":"Food Service - Andre Bazin - Charcuterie et Salaison","article_modified_time":"2024-07-28T17:55:57+00:00","og_image":[{"width":200,"height":200,"url":"https:\/\/andre-bazin.fr\/food-service\/wp-content\/uploads\/sites\/8\/2024\/05\/image-10.jpeg","type":"image\/jpeg"}],"twitter_card":"summary_large_image","schema":{"@context":"https:\/\/schema.org","@graph":[{"@type":"WebPage","@id":"https:\/\/andre-bazin.fr\/food-service\/modele-produit\/boeuf-cuit-calibre-cube\/","url":"https:\/\/andre-bazin.fr\/food-service\/modele-produit\/boeuf-cuit-calibre-cube\/","name":"Boeuf cuit calibr\u00e9 cub\u00e9 - Food Service - Andre Bazin - Charcuterie et Salaison","isPartOf":{"@id":"https:\/\/andre-bazin.fr\/food-service\/#website"},"primaryImageOfPage":{"@id":"https:\/\/andre-bazin.fr\/food-service\/modele-produit\/boeuf-cuit-calibre-cube\/#primaryimage"},"image":{"@id":"https:\/\/andre-bazin.fr\/food-service\/modele-produit\/boeuf-cuit-calibre-cube\/#primaryimage"},"thumbnailUrl":"https:\/\/andre-bazin.fr\/food-service\/wp-content\/uploads\/sites\/8\/2024\/05\/image-10.jpeg","datePublished":"2024-05-17T09:33:25+00:00","dateModified":"2024-07-28T17:55:57+00:00","breadcrumb":{"@id":"https:\/\/andre-bazin.fr\/food-service\/modele-produit\/boeuf-cuit-calibre-cube\/#breadcrumb"},"inLanguage":"fr-FR","potentialAction":[{"@type":"ReadAction","target":["https:\/\/andre-bazin.fr\/food-service\/modele-produit\/boeuf-cuit-calibre-cube\/"]}]},{"@type":"ImageObject","inLanguage":"fr-FR","@id":"https:\/\/andre-bazin.fr\/food-service\/modele-produit\/boeuf-cuit-calibre-cube\/#primaryimage","url":"https:\/\/andre-bazin.fr\/food-service\/wp-content\/uploads\/sites\/8\/2024\/05\/image-10.jpeg","contentUrl":"https:\/\/andre-bazin.fr\/food-service\/wp-content\/uploads\/sites\/8\/2024\/05\/image-10.jpeg","width":200,"height":200},{"@type":"BreadcrumbList","@id":"https:\/\/andre-bazin.fr\/food-service\/modele-produit\/boeuf-cuit-calibre-cube\/#breadcrumb","itemListElement":[{"@type":"ListItem","position":1,"name":"Accueil","item":"https:\/\/andre-bazin.fr\/food-service\/"},{"@type":"ListItem","position":2,"name":"Les produits","item":"https:\/\/andre-bazin.fr\/food-service\/modele-produit\/"},{"@type":"ListItem","position":3,"name":"Boeuf cuit calibr\u00e9 cub\u00e9"}]},{"@type":"WebSite","@id":"https:\/\/andre-bazin.fr\/food-service\/#website","url":"https:\/\/andre-bazin.fr\/food-service\/","name":"Food Service - Andre Bazin - Charcuterie et Salaison","description":"","publisher":{"@id":"https:\/\/andre-bazin.fr\/food-service\/#organization"},"potentialAction":[{"@type":"SearchAction","target":{"@type":"EntryPoint","urlTemplate":"https:\/\/andre-bazin.fr\/food-service\/?s={search_term_string}"},"query-input":{"@type":"PropertyValueSpecification","valueRequired":true,"valueName":"search_term_string"}}],"inLanguage":"fr-FR"},{"@type":"Organization","@id":"https:\/\/andre-bazin.fr\/food-service\/#organization","name":"Food Service - Andre Bazin - Charcuterie et Salaison","url":"https:\/\/andre-bazin.fr\/food-service\/","logo":{"@type":"ImageObject","inLanguage":"fr-FR","@id":"https:\/\/andre-bazin.fr\/food-service\/#\/schema\/logo\/image\/","url":"https:\/\/andre-bazin.fr\/food-service\/wp-content\/uploads\/sites\/8\/2024\/05\/LOGO_ANDRE_BAZIN-HD.png","contentUrl":"https:\/\/andre-bazin.fr\/food-service\/wp-content\/uploads\/sites\/8\/2024\/05\/LOGO_ANDRE_BAZIN-HD.png","width":1515,"height":660,"caption":"Food Service - Andre Bazin - Charcuterie et Salaison"},"image":{"@id":"https:\/\/andre-bazin.fr\/food-service\/#\/schema\/logo\/image\/"}}]}},"_links":{"self":[{"href":"https:\/\/andre-bazin.fr\/food-service\/wp-json\/wp\/v2\/modele-produit\/339","targetHints":{"allow":["GET"]}}],"collection":[{"href":"https:\/\/andre-bazin.fr\/food-service\/wp-json\/wp\/v2\/modele-produit"}],"about":[{"href":"https:\/\/andre-bazin.fr\/food-service\/wp-json\/wp\/v2\/types\/modele-produit"}],"wp:featuredmedia":[{"embeddable":true,"href":"https:\/\/andre-bazin.fr\/food-service\/wp-json\/wp\/v2\/media\/340"}],"wp:attachment":[{"href":"https:\/\/andre-bazin.fr\/food-service\/wp-json\/wp\/v2\/media?parent=339"}],"wp:term":[{"taxonomy":"categories-produits","embeddable":true,"href":"https:\/\/andre-bazin.fr\/food-service\/wp-json\/wp\/v2\/categories-produits?post=339"}],"curies":[{"name":"wp","href":"https:\/\/api.w.org\/{rel}","templated":true}]}}

Boeuf cuit calibré cubé

<p><em>Des cubes de viande de boeuf cuits et calibrés selon vos besoins pour vos poêlées ou vos plats cuisinés</em></p>



<p>Cubes de Boeuf cuit calibré et cubé surglés IQF &#8211; un produit idéal pour vos poêlées. Composition adpatable en fonction de vos exigences sur la base de qualités Standard, Choix ou Supérieures. Cubage et calibrage selon vos besoins. Produit rélaisables en Viande Bovine Francaise, en Clean Label, en Bio ou en Halal selon vos contraintes clients.</p>

<!-- This site is optimized with the Yoast SEO plugin v27.3 - https://yoast.com/product/yoast-seo-wordpress/ -->
<title>Boeuf cuit calibré cubé - Food Service - Andre Bazin - Charcuterie et Salaison</title>
<meta name="robots" content="index, follow, max-snippet:-1, max-image-preview:large, max-video-preview:-1" />
<link rel="canonical" href="https://andre-bazin.fr/food-service/modele-produit/boeuf-cuit-calibre-cube/" />
<meta property="og:locale" content="fr_FR" />
<meta property="og:type" content="article" />
<meta property="og:title" content="Boeuf cuit calibré cubé - Food Service - Andre Bazin - Charcuterie et Salaison" />
<meta property="og:description" content="Des cubes de viande de boeuf cuits et calibrés selon vos besoins pour vos poêlées ou vos plats cuisinés Cubes de Boeuf cuit calibré et cubé surglés IQF &#8211; un produit idéal pour vos poêlées. Composition adpatable en fonction de vos exigences sur la base de qualités Standard, Choix ou Supérieures. Cubage et calibrage selon [&hellip;]" />
<meta property="og:url" content="https://andre-bazin.fr/food-service/modele-produit/boeuf-cuit-calibre-cube/" />
<meta property="og:site_name" content="Food Service - Andre Bazin - Charcuterie et Salaison" />
<meta property="article:modified_time" content="2024-07-28T17:55:57+00:00" />
<meta property="og:image" content="https://andre-bazin.fr/food-service/wp-content/uploads/sites/8/2024/05/image-10.jpeg" />
	<meta property="og:image:width" content="200" />
	<meta property="og:image:height" content="200" />
	<meta property="og:image:type" content="image/jpeg" />
<meta name="twitter:card" content="summary_large_image" />
<script type="application/ld+json" class="yoast-schema-graph">{"@context":"https:\/\/schema.org","@graph":[{"@type":"WebPage","@id":"https:\/\/andre-bazin.fr\/food-service\/modele-produit\/boeuf-cuit-calibre-cube\/","url":"https:\/\/andre-bazin.fr\/food-service\/modele-produit\/boeuf-cuit-calibre-cube\/","name":"Boeuf cuit calibré cubé - Food Service - Andre Bazin - Charcuterie et Salaison","isPartOf":{"@id":"https:\/\/andre-bazin.fr\/food-service\/#website"},"primaryImageOfPage":{"@id":"https:\/\/andre-bazin.fr\/food-service\/modele-produit\/boeuf-cuit-calibre-cube\/#primaryimage"},"image":{"@id":"https:\/\/andre-bazin.fr\/food-service\/modele-produit\/boeuf-cuit-calibre-cube\/#primaryimage"},"thumbnailUrl":"https:\/\/andre-bazin.fr\/food-service\/wp-content\/uploads\/sites\/8\/2024\/05\/image-10.jpeg","datePublished":"2024-05-17T09:33:25+00:00","dateModified":"2024-07-28T17:55:57+00:00","breadcrumb":{"@id":"https:\/\/andre-bazin.fr\/food-service\/modele-produit\/boeuf-cuit-calibre-cube\/#breadcrumb"},"inLanguage":"fr-FR","potentialAction":[{"@type":"ReadAction","target":["https:\/\/andre-bazin.fr\/food-service\/modele-produit\/boeuf-cuit-calibre-cube\/"]}]},{"@type":"ImageObject","inLanguage":"fr-FR","@id":"https:\/\/andre-bazin.fr\/food-service\/modele-produit\/boeuf-cuit-calibre-cube\/#primaryimage","url":"https:\/\/andre-bazin.fr\/food-service\/wp-content\/uploads\/sites\/8\/2024\/05\/image-10.jpeg","contentUrl":"https:\/\/andre-bazin.fr\/food-service\/wp-content\/uploads\/sites\/8\/2024\/05\/image-10.jpeg","width":200,"height":200},{"@type":"BreadcrumbList","@id":"https:\/\/andre-bazin.fr\/food-service\/modele-produit\/boeuf-cuit-calibre-cube\/#breadcrumb","itemListElement":[{"@type":"ListItem","position":1,"name":"Accueil","item":"https:\/\/andre-bazin.fr\/food-service\/"},{"@type":"ListItem","position":2,"name":"Les produits","item":"https:\/\/andre-bazin.fr\/food-service\/modele-produit\/"},{"@type":"ListItem","position":3,"name":"Boeuf cuit calibré cubé"}]},{"@type":"WebSite","@id":"https:\/\/andre-bazin.fr\/food-service\/#website","url":"https:\/\/andre-bazin.fr\/food-service\/","name":"Food Service - Andre Bazin - Charcuterie et Salaison","description":"","publisher":{"@id":"https:\/\/andre-bazin.fr\/food-service\/#organization"},"potentialAction":[{"@type":"SearchAction","target":{"@type":"EntryPoint","urlTemplate":"https:\/\/andre-bazin.fr\/food-service\/?s={search_term_string}"},"query-input":{"@type":"PropertyValueSpecification","valueRequired":true,"valueName":"search_term_string"}}],"inLanguage":"fr-FR"},{"@type":"Organization","@id":"https:\/\/andre-bazin.fr\/food-service\/#organization","name":"Food Service - Andre Bazin - Charcuterie et Salaison","url":"https:\/\/andre-bazin.fr\/food-service\/","logo":{"@type":"ImageObject","inLanguage":"fr-FR","@id":"https:\/\/andre-bazin.fr\/food-service\/#\/schema\/logo\/image\/","url":"https:\/\/andre-bazin.fr\/food-service\/wp-content\/uploads\/sites\/8\/2024\/05\/LOGO_ANDRE_BAZIN-HD.png","contentUrl":"https:\/\/andre-bazin.fr\/food-service\/wp-content\/uploads\/sites\/8\/2024\/05\/LOGO_ANDRE_BAZIN-HD.png","width":1515,"height":660,"caption":"Food Service - Andre Bazin - Charcuterie et Salaison"},"image":{"@id":"https:\/\/andre-bazin.fr\/food-service\/#\/schema\/logo\/image\/"}}]}</script>
<!-- / Yoast SEO plugin. -->

Boeuf cuit calibré cubé - Food Service - Andre Bazin - Charcuterie et Salaison

Des cubes de viande de boeuf cuits et calibrés selon vos besoins pour vos poêlées ou vos plats cuisinés Cubes de Boeuf cuit calibré et cubé surglés IQF &#8211; un produit idéal pour vos poêlées. Composition adpatable en fonction de vos exigences sur la base de qualités Standard, Choix ou Supérieures. Cubage et calibrage selon [&hellip;]
