{"id":3783,"date":"2024-12-23T20:02:43","date_gmt":"2024-12-23T20:02:43","guid":{"rendered":"https:\/\/andre-bazin.fr\/gms\/?post_type=modele-produit&#038;p=3783"},"modified":"2025-06-18T12:32:20","modified_gmt":"2025-06-18T12:32:20","slug":"petit-sale-aux-lentilles","status":"publish","type":"modele-produit","link":"https:\/\/andre-bazin.fr\/gms\/modele-produit\/petit-sale-aux-lentilles\/","title":{"rendered":"Petit Sal\u00e9 aux lentilles"},"content":{"rendered":"\n<p>Compos\u00e9 d\u201dun assortiment de charcuteries d\u00e9j\u00e0 cuites et de lentilles vertes d\u00e9licatement cuisin\u00e9es : juste \u00e0 r\u00e9chauffer !<\/p>\n\n\n\n<p>Le petit sal\u00e9 aux lentilles comme \u00e0 la brasserie, d\u00e9j\u00e0 pr\u00eat, juste \u00e0 r\u00e9chauffer. Un repas fa\u00e7on traiteur, peu transform\u00e9 et qualitatif pour varier les plaisirs.&nbsp;<\/p>\n\n\n\n<p>Un repas \u00e9quilibr\u00e9 pour 2 personnes avec 600g de lentilles et petits l\u00e9gumes doucement mijot\u00e9s pour garder leur texture ferme et fondante.<\/p>\n\n\n\n<p>Riche en saveurs, r\u00e9confortant et rapide \u00e0 pr\u00e9parer,il est parfait pour une soir\u00e9e charg\u00e9e.<\/p>\n\n\n\n<p>Accompagn\u00e9s d\u2019un ensemble de 400g de charcuteries: de knacks, saucisses fum\u00e9es, tranches de poitrine et tranche d\u2019\u00e9chine pour apporter un bon go\u00fbt de fum\u00e9 et des prot\u00e9ines pour un plat \u00e9quilibr\u00e9.&nbsp;<\/p>\n\n\n\n<p>Format: 1kg, 2-3 personnes<\/p>\n\n\n\n<p>Conseil de pr\u00e9paration: 2 min dans un plat allant au micro-onde en recouvrant les viandes de la garniture ou 7 min \u00e0 la casserole \u00e0 couvert avec un fond d\u2019eau et \u00e0 feu doux<\/p>\n","protected":false},"featured_media":3885,"template":"","classification":[67,93],"categories-produits":[],"class_list":["post-3783","modele-produit","type-modele-produit","status-publish","has-post-thumbnail","hentry","classification-frais-emballe","classification-kit-pret-a-lemploi"],"yoast_head":"<!-- This site is optimized with the Yoast SEO plugin v27.3 - https:\/\/yoast.com\/product\/yoast-seo-wordpress\/ -->\n<title>Petit Sal\u00e9 aux lentilles - GMS - Andre Bazin - Charcuterie et Salaison<\/title>\n<meta name=\"robots\" content=\"index, follow, max-snippet:-1, max-image-preview:large, max-video-preview:-1\" \/>\n<link rel=\"canonical\" href=\"https:\/\/andre-bazin.fr\/gms\/modele-produit\/petit-sale-aux-lentilles\/\" \/>\n<meta property=\"og:locale\" content=\"fr_FR\" \/>\n<meta property=\"og:type\" content=\"article\" \/>\n<meta property=\"og:title\" content=\"Petit Sal\u00e9 aux lentilles - GMS - Andre Bazin - Charcuterie et Salaison\" \/>\n<meta property=\"og:description\" content=\"Compos\u00e9 d\u201dun assortiment de charcuteries d\u00e9j\u00e0 cuites et de lentilles vertes d\u00e9licatement cuisin\u00e9es : juste \u00e0 r\u00e9chauffer ! Le petit sal\u00e9 aux lentilles comme \u00e0 la brasserie, d\u00e9j\u00e0 pr\u00eat, juste \u00e0 r\u00e9chauffer. Un repas fa\u00e7on traiteur, peu transform\u00e9 et qualitatif pour varier les plaisirs.&nbsp; Un repas \u00e9quilibr\u00e9 pour 2 personnes avec 600g de lentilles et [&hellip;]\" \/>\n<meta property=\"og:url\" content=\"https:\/\/andre-bazin.fr\/gms\/modele-produit\/petit-sale-aux-lentilles\/\" \/>\n<meta property=\"og:site_name\" content=\"GMS - Andre Bazin - Charcuterie et Salaison\" \/>\n<meta property=\"article:modified_time\" content=\"2025-06-18T12:32:20+00:00\" \/>\n<meta property=\"og:image\" content=\"https:\/\/andre-bazin.fr\/gms\/wp-content\/uploads\/sites\/7\/2024\/12\/petit-sale.png\" \/>\n\t<meta property=\"og:image:width\" content=\"756\" \/>\n\t<meta property=\"og:image:height\" content=\"1116\" \/>\n\t<meta property=\"og:image:type\" content=\"image\/png\" \/>\n<meta name=\"twitter:card\" content=\"summary_large_image\" \/>\n<meta name=\"twitter:label1\" content=\"Dur\u00e9e de lecture estim\u00e9e\" \/>\n\t<meta name=\"twitter:data1\" content=\"1 minute\" \/>\n<script type=\"application\/ld+json\" class=\"yoast-schema-graph\">{\"@context\":\"https:\\\/\\\/schema.org\",\"@graph\":[{\"@type\":\"WebPage\",\"@id\":\"https:\\\/\\\/andre-bazin.fr\\\/gms\\\/modele-produit\\\/petit-sale-aux-lentilles\\\/\",\"url\":\"https:\\\/\\\/andre-bazin.fr\\\/gms\\\/modele-produit\\\/petit-sale-aux-lentilles\\\/\",\"name\":\"Petit Sal\u00e9 aux lentilles - GMS - Andre Bazin - Charcuterie et Salaison\",\"isPartOf\":{\"@id\":\"https:\\\/\\\/andre-bazin.fr\\\/gms\\\/#website\"},\"primaryImageOfPage\":{\"@id\":\"https:\\\/\\\/andre-bazin.fr\\\/gms\\\/modele-produit\\\/petit-sale-aux-lentilles\\\/#primaryimage\"},\"image\":{\"@id\":\"https:\\\/\\\/andre-bazin.fr\\\/gms\\\/modele-produit\\\/petit-sale-aux-lentilles\\\/#primaryimage\"},\"thumbnailUrl\":\"https:\\\/\\\/andre-bazin.fr\\\/gms\\\/wp-content\\\/uploads\\\/sites\\\/7\\\/2024\\\/12\\\/petit-sale.png\",\"datePublished\":\"2024-12-23T20:02:43+00:00\",\"dateModified\":\"2025-06-18T12:32:20+00:00\",\"breadcrumb\":{\"@id\":\"https:\\\/\\\/andre-bazin.fr\\\/gms\\\/modele-produit\\\/petit-sale-aux-lentilles\\\/#breadcrumb\"},\"inLanguage\":\"fr-FR\",\"potentialAction\":[{\"@type\":\"ReadAction\",\"target\":[\"https:\\\/\\\/andre-bazin.fr\\\/gms\\\/modele-produit\\\/petit-sale-aux-lentilles\\\/\"]}]},{\"@type\":\"ImageObject\",\"inLanguage\":\"fr-FR\",\"@id\":\"https:\\\/\\\/andre-bazin.fr\\\/gms\\\/modele-produit\\\/petit-sale-aux-lentilles\\\/#primaryimage\",\"url\":\"https:\\\/\\\/andre-bazin.fr\\\/gms\\\/wp-content\\\/uploads\\\/sites\\\/7\\\/2024\\\/12\\\/petit-sale.png\",\"contentUrl\":\"https:\\\/\\\/andre-bazin.fr\\\/gms\\\/wp-content\\\/uploads\\\/sites\\\/7\\\/2024\\\/12\\\/petit-sale.png\",\"width\":756,\"height\":1116},{\"@type\":\"BreadcrumbList\",\"@id\":\"https:\\\/\\\/andre-bazin.fr\\\/gms\\\/modele-produit\\\/petit-sale-aux-lentilles\\\/#breadcrumb\",\"itemListElement\":[{\"@type\":\"ListItem\",\"position\":1,\"name\":\"Accueil\",\"item\":\"https:\\\/\\\/andre-bazin.fr\\\/gms\\\/\"},{\"@type\":\"ListItem\",\"position\":2,\"name\":\"Les produits\",\"item\":\"https:\\\/\\\/andre-bazin.fr\\\/gms\\\/modele-produit\\\/\"},{\"@type\":\"ListItem\",\"position\":3,\"name\":\"Petit Sal\u00e9 aux lentilles\"}]},{\"@type\":\"WebSite\",\"@id\":\"https:\\\/\\\/andre-bazin.fr\\\/gms\\\/#website\",\"url\":\"https:\\\/\\\/andre-bazin.fr\\\/gms\\\/\",\"name\":\"GMS - Andre Bazin - Charcuterie et Salaison\",\"description\":\"\",\"publisher\":{\"@id\":\"https:\\\/\\\/andre-bazin.fr\\\/gms\\\/#organization\"},\"potentialAction\":[{\"@type\":\"SearchAction\",\"target\":{\"@type\":\"EntryPoint\",\"urlTemplate\":\"https:\\\/\\\/andre-bazin.fr\\\/gms\\\/?s={search_term_string}\"},\"query-input\":{\"@type\":\"PropertyValueSpecification\",\"valueRequired\":true,\"valueName\":\"search_term_string\"}}],\"inLanguage\":\"fr-FR\"},{\"@type\":\"Organization\",\"@id\":\"https:\\\/\\\/andre-bazin.fr\\\/gms\\\/#organization\",\"name\":\"GMS - Andre Bazin - Charcuterie et Salaison\",\"url\":\"https:\\\/\\\/andre-bazin.fr\\\/gms\\\/\",\"logo\":{\"@type\":\"ImageObject\",\"inLanguage\":\"fr-FR\",\"@id\":\"https:\\\/\\\/andre-bazin.fr\\\/gms\\\/#\\\/schema\\\/logo\\\/image\\\/\",\"url\":\"https:\\\/\\\/andre-bazin.fr\\\/gms\\\/wp-content\\\/uploads\\\/sites\\\/7\\\/2024\\\/05\\\/LOGO_ANDRE_BAZIN-HD.png\",\"contentUrl\":\"https:\\\/\\\/andre-bazin.fr\\\/gms\\\/wp-content\\\/uploads\\\/sites\\\/7\\\/2024\\\/05\\\/LOGO_ANDRE_BAZIN-HD.png\",\"width\":1515,\"height\":660,\"caption\":\"GMS - Andre Bazin - Charcuterie et Salaison\"},\"image\":{\"@id\":\"https:\\\/\\\/andre-bazin.fr\\\/gms\\\/#\\\/schema\\\/logo\\\/image\\\/\"}}]}<\/script>\n<!-- \/ Yoast SEO plugin. -->","yoast_head_json":{"title":"Petit Sal\u00e9 aux lentilles - GMS - Andre Bazin - Charcuterie et Salaison","robots":{"index":"index","follow":"follow","max-snippet":"max-snippet:-1","max-image-preview":"max-image-preview:large","max-video-preview":"max-video-preview:-1"},"canonical":"https:\/\/andre-bazin.fr\/gms\/modele-produit\/petit-sale-aux-lentilles\/","og_locale":"fr_FR","og_type":"article","og_title":"Petit Sal\u00e9 aux lentilles - GMS - Andre Bazin - Charcuterie et Salaison","og_description":"Compos\u00e9 d\u201dun assortiment de charcuteries d\u00e9j\u00e0 cuites et de lentilles vertes d\u00e9licatement cuisin\u00e9es : juste \u00e0 r\u00e9chauffer ! Le petit sal\u00e9 aux lentilles comme \u00e0 la brasserie, d\u00e9j\u00e0 pr\u00eat, juste \u00e0 r\u00e9chauffer. Un repas fa\u00e7on traiteur, peu transform\u00e9 et qualitatif pour varier les plaisirs.&nbsp; Un repas \u00e9quilibr\u00e9 pour 2 personnes avec 600g de lentilles et [&hellip;]","og_url":"https:\/\/andre-bazin.fr\/gms\/modele-produit\/petit-sale-aux-lentilles\/","og_site_name":"GMS - Andre Bazin - Charcuterie et Salaison","article_modified_time":"2025-06-18T12:32:20+00:00","og_image":[{"width":756,"height":1116,"url":"https:\/\/andre-bazin.fr\/gms\/wp-content\/uploads\/sites\/7\/2024\/12\/petit-sale.png","type":"image\/png"}],"twitter_card":"summary_large_image","twitter_misc":{"Dur\u00e9e de lecture estim\u00e9e":"1 minute"},"schema":{"@context":"https:\/\/schema.org","@graph":[{"@type":"WebPage","@id":"https:\/\/andre-bazin.fr\/gms\/modele-produit\/petit-sale-aux-lentilles\/","url":"https:\/\/andre-bazin.fr\/gms\/modele-produit\/petit-sale-aux-lentilles\/","name":"Petit Sal\u00e9 aux lentilles - GMS - Andre Bazin - Charcuterie et Salaison","isPartOf":{"@id":"https:\/\/andre-bazin.fr\/gms\/#website"},"primaryImageOfPage":{"@id":"https:\/\/andre-bazin.fr\/gms\/modele-produit\/petit-sale-aux-lentilles\/#primaryimage"},"image":{"@id":"https:\/\/andre-bazin.fr\/gms\/modele-produit\/petit-sale-aux-lentilles\/#primaryimage"},"thumbnailUrl":"https:\/\/andre-bazin.fr\/gms\/wp-content\/uploads\/sites\/7\/2024\/12\/petit-sale.png","datePublished":"2024-12-23T20:02:43+00:00","dateModified":"2025-06-18T12:32:20+00:00","breadcrumb":{"@id":"https:\/\/andre-bazin.fr\/gms\/modele-produit\/petit-sale-aux-lentilles\/#breadcrumb"},"inLanguage":"fr-FR","potentialAction":[{"@type":"ReadAction","target":["https:\/\/andre-bazin.fr\/gms\/modele-produit\/petit-sale-aux-lentilles\/"]}]},{"@type":"ImageObject","inLanguage":"fr-FR","@id":"https:\/\/andre-bazin.fr\/gms\/modele-produit\/petit-sale-aux-lentilles\/#primaryimage","url":"https:\/\/andre-bazin.fr\/gms\/wp-content\/uploads\/sites\/7\/2024\/12\/petit-sale.png","contentUrl":"https:\/\/andre-bazin.fr\/gms\/wp-content\/uploads\/sites\/7\/2024\/12\/petit-sale.png","width":756,"height":1116},{"@type":"BreadcrumbList","@id":"https:\/\/andre-bazin.fr\/gms\/modele-produit\/petit-sale-aux-lentilles\/#breadcrumb","itemListElement":[{"@type":"ListItem","position":1,"name":"Accueil","item":"https:\/\/andre-bazin.fr\/gms\/"},{"@type":"ListItem","position":2,"name":"Les produits","item":"https:\/\/andre-bazin.fr\/gms\/modele-produit\/"},{"@type":"ListItem","position":3,"name":"Petit Sal\u00e9 aux lentilles"}]},{"@type":"WebSite","@id":"https:\/\/andre-bazin.fr\/gms\/#website","url":"https:\/\/andre-bazin.fr\/gms\/","name":"GMS - Andre Bazin - Charcuterie et Salaison","description":"","publisher":{"@id":"https:\/\/andre-bazin.fr\/gms\/#organization"},"potentialAction":[{"@type":"SearchAction","target":{"@type":"EntryPoint","urlTemplate":"https:\/\/andre-bazin.fr\/gms\/?s={search_term_string}"},"query-input":{"@type":"PropertyValueSpecification","valueRequired":true,"valueName":"search_term_string"}}],"inLanguage":"fr-FR"},{"@type":"Organization","@id":"https:\/\/andre-bazin.fr\/gms\/#organization","name":"GMS - Andre Bazin - Charcuterie et Salaison","url":"https:\/\/andre-bazin.fr\/gms\/","logo":{"@type":"ImageObject","inLanguage":"fr-FR","@id":"https:\/\/andre-bazin.fr\/gms\/#\/schema\/logo\/image\/","url":"https:\/\/andre-bazin.fr\/gms\/wp-content\/uploads\/sites\/7\/2024\/05\/LOGO_ANDRE_BAZIN-HD.png","contentUrl":"https:\/\/andre-bazin.fr\/gms\/wp-content\/uploads\/sites\/7\/2024\/05\/LOGO_ANDRE_BAZIN-HD.png","width":1515,"height":660,"caption":"GMS - Andre Bazin - Charcuterie et Salaison"},"image":{"@id":"https:\/\/andre-bazin.fr\/gms\/#\/schema\/logo\/image\/"}}]}},"_links":{"self":[{"href":"https:\/\/andre-bazin.fr\/gms\/wp-json\/wp\/v2\/modele-produit\/3783","targetHints":{"allow":["GET"]}}],"collection":[{"href":"https:\/\/andre-bazin.fr\/gms\/wp-json\/wp\/v2\/modele-produit"}],"about":[{"href":"https:\/\/andre-bazin.fr\/gms\/wp-json\/wp\/v2\/types\/modele-produit"}],"wp:featuredmedia":[{"embeddable":true,"href":"https:\/\/andre-bazin.fr\/gms\/wp-json\/wp\/v2\/media\/3885"}],"wp:attachment":[{"href":"https:\/\/andre-bazin.fr\/gms\/wp-json\/wp\/v2\/media?parent=3783"}],"wp:term":[{"taxonomy":"classification","embeddable":true,"href":"https:\/\/andre-bazin.fr\/gms\/wp-json\/wp\/v2\/classification?post=3783"},{"taxonomy":"categories-produits","embeddable":true,"href":"https:\/\/andre-bazin.fr\/gms\/wp-json\/wp\/v2\/categories-produits?post=3783"}],"curies":[{"name":"wp","href":"https:\/\/api.w.org\/{rel}","templated":true}]}}

Petit Salé aux lentilles

<p>Composé d”un assortiment de charcuteries déjà cuites et de lentilles vertes délicatement cuisinées : juste à réchauffer !</p>



<p>Le petit salé aux lentilles comme à la brasserie, déjà prêt, juste à réchauffer. Un repas façon traiteur, peu transformé et qualitatif pour varier les plaisirs.&nbsp;</p>



<p>Un repas équilibré pour 2 personnes avec 600g de lentilles et petits légumes doucement mijotés pour garder leur texture ferme et fondante.</p>



<p>Riche en saveurs, réconfortant et rapide à préparer,il est parfait pour une soirée chargée.</p>



<p>Accompagnés d’un ensemble de 400g de charcuteries: de knacks, saucisses fumées, tranches de poitrine et tranche d’échine pour apporter un bon goût de fumé et des protéines pour un plat équilibré.&nbsp;</p>



<p>Format: 1kg, 2-3 personnes</p>



<p>Conseil de préparation: 2 min dans un plat allant au micro-onde en recouvrant les viandes de la garniture ou 7 min à la casserole à couvert avec un fond d’eau et à feu doux</p>

<!-- This site is optimized with the Yoast SEO plugin v27.3 - https://yoast.com/product/yoast-seo-wordpress/ -->
<title>Petit Salé aux lentilles - GMS - Andre Bazin - Charcuterie et Salaison</title>
<meta name="robots" content="index, follow, max-snippet:-1, max-image-preview:large, max-video-preview:-1" />
<link rel="canonical" href="https://andre-bazin.fr/gms/modele-produit/petit-sale-aux-lentilles/" />
<meta property="og:locale" content="fr_FR" />
<meta property="og:type" content="article" />
<meta property="og:title" content="Petit Salé aux lentilles - GMS - Andre Bazin - Charcuterie et Salaison" />
<meta property="og:description" content="Composé d”un assortiment de charcuteries déjà cuites et de lentilles vertes délicatement cuisinées : juste à réchauffer ! Le petit salé aux lentilles comme à la brasserie, déjà prêt, juste à réchauffer. Un repas façon traiteur, peu transformé et qualitatif pour varier les plaisirs.&nbsp; Un repas équilibré pour 2 personnes avec 600g de lentilles et [&hellip;]" />
<meta property="og:url" content="https://andre-bazin.fr/gms/modele-produit/petit-sale-aux-lentilles/" />
<meta property="og:site_name" content="GMS - Andre Bazin - Charcuterie et Salaison" />
<meta property="article:modified_time" content="2025-06-18T12:32:20+00:00" />
<meta property="og:image" content="https://andre-bazin.fr/gms/wp-content/uploads/sites/7/2024/12/petit-sale.png" />
	<meta property="og:image:width" content="756" />
	<meta property="og:image:height" content="1116" />
	<meta property="og:image:type" content="image/png" />
<meta name="twitter:card" content="summary_large_image" />
<meta name="twitter:label1" content="Durée de lecture estimée" />
	<meta name="twitter:data1" content="1 minute" />
<script type="application/ld+json" class="yoast-schema-graph">{"@context":"https:\/\/schema.org","@graph":[{"@type":"WebPage","@id":"https:\/\/andre-bazin.fr\/gms\/modele-produit\/petit-sale-aux-lentilles\/","url":"https:\/\/andre-bazin.fr\/gms\/modele-produit\/petit-sale-aux-lentilles\/","name":"Petit Salé aux lentilles - GMS - Andre Bazin - Charcuterie et Salaison","isPartOf":{"@id":"https:\/\/andre-bazin.fr\/gms\/#website"},"primaryImageOfPage":{"@id":"https:\/\/andre-bazin.fr\/gms\/modele-produit\/petit-sale-aux-lentilles\/#primaryimage"},"image":{"@id":"https:\/\/andre-bazin.fr\/gms\/modele-produit\/petit-sale-aux-lentilles\/#primaryimage"},"thumbnailUrl":"https:\/\/andre-bazin.fr\/gms\/wp-content\/uploads\/sites\/7\/2024\/12\/petit-sale.png","datePublished":"2024-12-23T20:02:43+00:00","dateModified":"2025-06-18T12:32:20+00:00","breadcrumb":{"@id":"https:\/\/andre-bazin.fr\/gms\/modele-produit\/petit-sale-aux-lentilles\/#breadcrumb"},"inLanguage":"fr-FR","potentialAction":[{"@type":"ReadAction","target":["https:\/\/andre-bazin.fr\/gms\/modele-produit\/petit-sale-aux-lentilles\/"]}]},{"@type":"ImageObject","inLanguage":"fr-FR","@id":"https:\/\/andre-bazin.fr\/gms\/modele-produit\/petit-sale-aux-lentilles\/#primaryimage","url":"https:\/\/andre-bazin.fr\/gms\/wp-content\/uploads\/sites\/7\/2024\/12\/petit-sale.png","contentUrl":"https:\/\/andre-bazin.fr\/gms\/wp-content\/uploads\/sites\/7\/2024\/12\/petit-sale.png","width":756,"height":1116},{"@type":"BreadcrumbList","@id":"https:\/\/andre-bazin.fr\/gms\/modele-produit\/petit-sale-aux-lentilles\/#breadcrumb","itemListElement":[{"@type":"ListItem","position":1,"name":"Accueil","item":"https:\/\/andre-bazin.fr\/gms\/"},{"@type":"ListItem","position":2,"name":"Les produits","item":"https:\/\/andre-bazin.fr\/gms\/modele-produit\/"},{"@type":"ListItem","position":3,"name":"Petit Salé aux lentilles"}]},{"@type":"WebSite","@id":"https:\/\/andre-bazin.fr\/gms\/#website","url":"https:\/\/andre-bazin.fr\/gms\/","name":"GMS - Andre Bazin - Charcuterie et Salaison","description":"","publisher":{"@id":"https:\/\/andre-bazin.fr\/gms\/#organization"},"potentialAction":[{"@type":"SearchAction","target":{"@type":"EntryPoint","urlTemplate":"https:\/\/andre-bazin.fr\/gms\/?s={search_term_string}"},"query-input":{"@type":"PropertyValueSpecification","valueRequired":true,"valueName":"search_term_string"}}],"inLanguage":"fr-FR"},{"@type":"Organization","@id":"https:\/\/andre-bazin.fr\/gms\/#organization","name":"GMS - Andre Bazin - Charcuterie et Salaison","url":"https:\/\/andre-bazin.fr\/gms\/","logo":{"@type":"ImageObject","inLanguage":"fr-FR","@id":"https:\/\/andre-bazin.fr\/gms\/#\/schema\/logo\/image\/","url":"https:\/\/andre-bazin.fr\/gms\/wp-content\/uploads\/sites\/7\/2024\/05\/LOGO_ANDRE_BAZIN-HD.png","contentUrl":"https:\/\/andre-bazin.fr\/gms\/wp-content\/uploads\/sites\/7\/2024\/05\/LOGO_ANDRE_BAZIN-HD.png","width":1515,"height":660,"caption":"GMS - Andre Bazin - Charcuterie et Salaison"},"image":{"@id":"https:\/\/andre-bazin.fr\/gms\/#\/schema\/logo\/image\/"}}]}</script>
<!-- / Yoast SEO plugin. -->

Petit Salé aux lentilles - GMS - Andre Bazin - Charcuterie et Salaison

Composé d”un assortiment de charcuteries déjà cuites et de lentilles vertes délicatement cuisinées : juste à réchauffer ! Le petit salé aux lentilles comme à la brasserie, déjà prêt, juste à réchauffer. Un repas façon traiteur, peu transformé et qualitatif pour varier les plaisirs.&nbsp; Un repas équilibré pour 2 personnes avec 600g de lentilles et [&hellip;]
