{"id":3801,"date":"2024-12-23T20:02:43","date_gmt":"2024-12-23T20:02:43","guid":{"rendered":"https:\/\/andre-bazin.fr\/gms\/?post_type=modele-produit&#038;p=3801"},"modified":"2025-06-18T12:27:03","modified_gmt":"2025-06-18T12:27:03","slug":"la-saucisse-de-strasbourg","status":"publish","type":"modele-produit","link":"https:\/\/andre-bazin.fr\/gms\/modele-produit\/la-saucisse-de-strasbourg\/","title":{"rendered":"La Saucisse de Strasbourg"},"content":{"rendered":"\n<p>La saucisse de Strasbourg poss\u00e8de une texture fine et ferme et est naturellement fum\u00e9e, avec soin, au bois de r\u00e9sineux.<\/p>\n\n\n\n<p>Sp\u00e9cialit\u00e9 de l\u2019Est de la France, elle est appr\u00e9ci\u00e9e de toute la famille et en toute occasion&nbsp;! Choucroute, assiette froide et sandwiches, elle accompagne tous vos plats du dimanche comme du quotidien.<\/p>\n","protected":false},"featured_media":3873,"template":"","classification":[69,102],"categories-produits":[15],"class_list":["post-3801","modele-produit","type-modele-produit","status-publish","has-post-thumbnail","hentry","classification-rayon-a-la-coupe","classification-saucisserie-rayon-a-la-coupe","categories-produits-saucisserie"],"yoast_head":"<!-- This site is optimized with the Yoast SEO plugin v27.3 - https:\/\/yoast.com\/product\/yoast-seo-wordpress\/ -->\n<title>La Saucisse de Strasbourg - GMS - Andre Bazin - Charcuterie et Salaison<\/title>\n<meta name=\"robots\" content=\"index, follow, max-snippet:-1, max-image-preview:large, max-video-preview:-1\" \/>\n<link rel=\"canonical\" href=\"https:\/\/andre-bazin.fr\/gms\/modele-produit\/la-saucisse-de-strasbourg\/\" \/>\n<meta property=\"og:locale\" content=\"fr_FR\" \/>\n<meta property=\"og:type\" content=\"article\" \/>\n<meta property=\"og:title\" content=\"La Saucisse de Strasbourg - GMS - Andre Bazin - Charcuterie et Salaison\" \/>\n<meta property=\"og:description\" content=\"La saucisse de Strasbourg poss\u00e8de une texture fine et ferme et est naturellement fum\u00e9e, avec soin, au bois de r\u00e9sineux. Sp\u00e9cialit\u00e9 de l\u2019Est de la France, elle est appr\u00e9ci\u00e9e de toute la famille et en toute occasion&nbsp;! Choucroute, assiette froide et sandwiches, elle accompagne tous vos plats du dimanche comme du quotidien.\" \/>\n<meta property=\"og:url\" content=\"https:\/\/andre-bazin.fr\/gms\/modele-produit\/la-saucisse-de-strasbourg\/\" \/>\n<meta property=\"og:site_name\" content=\"GMS - Andre Bazin - Charcuterie et Salaison\" \/>\n<meta property=\"article:modified_time\" content=\"2025-06-18T12:27:03+00:00\" \/>\n<meta property=\"og:image\" content=\"https:\/\/andre-bazin.fr\/gms\/wp-content\/uploads\/sites\/7\/2024\/12\/La-Saucisse-de-Strasbourg.png\" \/>\n\t<meta property=\"og:image:width\" content=\"247\" \/>\n\t<meta property=\"og:image:height\" content=\"233\" \/>\n\t<meta property=\"og:image:type\" content=\"image\/png\" \/>\n<meta name=\"twitter:card\" content=\"summary_large_image\" \/>\n<meta name=\"twitter:label1\" content=\"Dur\u00e9e de lecture estim\u00e9e\" \/>\n\t<meta name=\"twitter:data1\" content=\"1 minute\" \/>\n<script type=\"application\/ld+json\" class=\"yoast-schema-graph\">{\"@context\":\"https:\\\/\\\/schema.org\",\"@graph\":[{\"@type\":\"WebPage\",\"@id\":\"https:\\\/\\\/andre-bazin.fr\\\/gms\\\/modele-produit\\\/la-saucisse-de-strasbourg\\\/\",\"url\":\"https:\\\/\\\/andre-bazin.fr\\\/gms\\\/modele-produit\\\/la-saucisse-de-strasbourg\\\/\",\"name\":\"La Saucisse de Strasbourg - GMS - Andre Bazin - Charcuterie et Salaison\",\"isPartOf\":{\"@id\":\"https:\\\/\\\/andre-bazin.fr\\\/gms\\\/#website\"},\"primaryImageOfPage\":{\"@id\":\"https:\\\/\\\/andre-bazin.fr\\\/gms\\\/modele-produit\\\/la-saucisse-de-strasbourg\\\/#primaryimage\"},\"image\":{\"@id\":\"https:\\\/\\\/andre-bazin.fr\\\/gms\\\/modele-produit\\\/la-saucisse-de-strasbourg\\\/#primaryimage\"},\"thumbnailUrl\":\"https:\\\/\\\/andre-bazin.fr\\\/gms\\\/wp-content\\\/uploads\\\/sites\\\/7\\\/2024\\\/12\\\/La-Saucisse-de-Strasbourg.png\",\"datePublished\":\"2024-12-23T20:02:43+00:00\",\"dateModified\":\"2025-06-18T12:27:03+00:00\",\"breadcrumb\":{\"@id\":\"https:\\\/\\\/andre-bazin.fr\\\/gms\\\/modele-produit\\\/la-saucisse-de-strasbourg\\\/#breadcrumb\"},\"inLanguage\":\"fr-FR\",\"potentialAction\":[{\"@type\":\"ReadAction\",\"target\":[\"https:\\\/\\\/andre-bazin.fr\\\/gms\\\/modele-produit\\\/la-saucisse-de-strasbourg\\\/\"]}]},{\"@type\":\"ImageObject\",\"inLanguage\":\"fr-FR\",\"@id\":\"https:\\\/\\\/andre-bazin.fr\\\/gms\\\/modele-produit\\\/la-saucisse-de-strasbourg\\\/#primaryimage\",\"url\":\"https:\\\/\\\/andre-bazin.fr\\\/gms\\\/wp-content\\\/uploads\\\/sites\\\/7\\\/2024\\\/12\\\/La-Saucisse-de-Strasbourg.png\",\"contentUrl\":\"https:\\\/\\\/andre-bazin.fr\\\/gms\\\/wp-content\\\/uploads\\\/sites\\\/7\\\/2024\\\/12\\\/La-Saucisse-de-Strasbourg.png\",\"width\":247,\"height\":233},{\"@type\":\"BreadcrumbList\",\"@id\":\"https:\\\/\\\/andre-bazin.fr\\\/gms\\\/modele-produit\\\/la-saucisse-de-strasbourg\\\/#breadcrumb\",\"itemListElement\":[{\"@type\":\"ListItem\",\"position\":1,\"name\":\"Accueil\",\"item\":\"https:\\\/\\\/andre-bazin.fr\\\/gms\\\/\"},{\"@type\":\"ListItem\",\"position\":2,\"name\":\"Les produits\",\"item\":\"https:\\\/\\\/andre-bazin.fr\\\/gms\\\/modele-produit\\\/\"},{\"@type\":\"ListItem\",\"position\":3,\"name\":\"La Saucisse de Strasbourg\"}]},{\"@type\":\"WebSite\",\"@id\":\"https:\\\/\\\/andre-bazin.fr\\\/gms\\\/#website\",\"url\":\"https:\\\/\\\/andre-bazin.fr\\\/gms\\\/\",\"name\":\"GMS - Andre Bazin - Charcuterie et Salaison\",\"description\":\"\",\"publisher\":{\"@id\":\"https:\\\/\\\/andre-bazin.fr\\\/gms\\\/#organization\"},\"potentialAction\":[{\"@type\":\"SearchAction\",\"target\":{\"@type\":\"EntryPoint\",\"urlTemplate\":\"https:\\\/\\\/andre-bazin.fr\\\/gms\\\/?s={search_term_string}\"},\"query-input\":{\"@type\":\"PropertyValueSpecification\",\"valueRequired\":true,\"valueName\":\"search_term_string\"}}],\"inLanguage\":\"fr-FR\"},{\"@type\":\"Organization\",\"@id\":\"https:\\\/\\\/andre-bazin.fr\\\/gms\\\/#organization\",\"name\":\"GMS - Andre Bazin - Charcuterie et Salaison\",\"url\":\"https:\\\/\\\/andre-bazin.fr\\\/gms\\\/\",\"logo\":{\"@type\":\"ImageObject\",\"inLanguage\":\"fr-FR\",\"@id\":\"https:\\\/\\\/andre-bazin.fr\\\/gms\\\/#\\\/schema\\\/logo\\\/image\\\/\",\"url\":\"https:\\\/\\\/andre-bazin.fr\\\/gms\\\/wp-content\\\/uploads\\\/sites\\\/7\\\/2024\\\/05\\\/LOGO_ANDRE_BAZIN-HD.png\",\"contentUrl\":\"https:\\\/\\\/andre-bazin.fr\\\/gms\\\/wp-content\\\/uploads\\\/sites\\\/7\\\/2024\\\/05\\\/LOGO_ANDRE_BAZIN-HD.png\",\"width\":1515,\"height\":660,\"caption\":\"GMS - Andre Bazin - Charcuterie et Salaison\"},\"image\":{\"@id\":\"https:\\\/\\\/andre-bazin.fr\\\/gms\\\/#\\\/schema\\\/logo\\\/image\\\/\"}}]}<\/script>\n<!-- \/ Yoast SEO plugin. -->","yoast_head_json":{"title":"La Saucisse de Strasbourg - GMS - Andre Bazin - Charcuterie et Salaison","robots":{"index":"index","follow":"follow","max-snippet":"max-snippet:-1","max-image-preview":"max-image-preview:large","max-video-preview":"max-video-preview:-1"},"canonical":"https:\/\/andre-bazin.fr\/gms\/modele-produit\/la-saucisse-de-strasbourg\/","og_locale":"fr_FR","og_type":"article","og_title":"La Saucisse de Strasbourg - GMS - Andre Bazin - Charcuterie et Salaison","og_description":"La saucisse de Strasbourg poss\u00e8de une texture fine et ferme et est naturellement fum\u00e9e, avec soin, au bois de r\u00e9sineux. Sp\u00e9cialit\u00e9 de l\u2019Est de la France, elle est appr\u00e9ci\u00e9e de toute la famille et en toute occasion&nbsp;! Choucroute, assiette froide et sandwiches, elle accompagne tous vos plats du dimanche comme du quotidien.","og_url":"https:\/\/andre-bazin.fr\/gms\/modele-produit\/la-saucisse-de-strasbourg\/","og_site_name":"GMS - Andre Bazin - Charcuterie et Salaison","article_modified_time":"2025-06-18T12:27:03+00:00","og_image":[{"width":247,"height":233,"url":"https:\/\/andre-bazin.fr\/gms\/wp-content\/uploads\/sites\/7\/2024\/12\/La-Saucisse-de-Strasbourg.png","type":"image\/png"}],"twitter_card":"summary_large_image","twitter_misc":{"Dur\u00e9e de lecture estim\u00e9e":"1 minute"},"schema":{"@context":"https:\/\/schema.org","@graph":[{"@type":"WebPage","@id":"https:\/\/andre-bazin.fr\/gms\/modele-produit\/la-saucisse-de-strasbourg\/","url":"https:\/\/andre-bazin.fr\/gms\/modele-produit\/la-saucisse-de-strasbourg\/","name":"La Saucisse de Strasbourg - GMS - Andre Bazin - Charcuterie et Salaison","isPartOf":{"@id":"https:\/\/andre-bazin.fr\/gms\/#website"},"primaryImageOfPage":{"@id":"https:\/\/andre-bazin.fr\/gms\/modele-produit\/la-saucisse-de-strasbourg\/#primaryimage"},"image":{"@id":"https:\/\/andre-bazin.fr\/gms\/modele-produit\/la-saucisse-de-strasbourg\/#primaryimage"},"thumbnailUrl":"https:\/\/andre-bazin.fr\/gms\/wp-content\/uploads\/sites\/7\/2024\/12\/La-Saucisse-de-Strasbourg.png","datePublished":"2024-12-23T20:02:43+00:00","dateModified":"2025-06-18T12:27:03+00:00","breadcrumb":{"@id":"https:\/\/andre-bazin.fr\/gms\/modele-produit\/la-saucisse-de-strasbourg\/#breadcrumb"},"inLanguage":"fr-FR","potentialAction":[{"@type":"ReadAction","target":["https:\/\/andre-bazin.fr\/gms\/modele-produit\/la-saucisse-de-strasbourg\/"]}]},{"@type":"ImageObject","inLanguage":"fr-FR","@id":"https:\/\/andre-bazin.fr\/gms\/modele-produit\/la-saucisse-de-strasbourg\/#primaryimage","url":"https:\/\/andre-bazin.fr\/gms\/wp-content\/uploads\/sites\/7\/2024\/12\/La-Saucisse-de-Strasbourg.png","contentUrl":"https:\/\/andre-bazin.fr\/gms\/wp-content\/uploads\/sites\/7\/2024\/12\/La-Saucisse-de-Strasbourg.png","width":247,"height":233},{"@type":"BreadcrumbList","@id":"https:\/\/andre-bazin.fr\/gms\/modele-produit\/la-saucisse-de-strasbourg\/#breadcrumb","itemListElement":[{"@type":"ListItem","position":1,"name":"Accueil","item":"https:\/\/andre-bazin.fr\/gms\/"},{"@type":"ListItem","position":2,"name":"Les produits","item":"https:\/\/andre-bazin.fr\/gms\/modele-produit\/"},{"@type":"ListItem","position":3,"name":"La Saucisse de Strasbourg"}]},{"@type":"WebSite","@id":"https:\/\/andre-bazin.fr\/gms\/#website","url":"https:\/\/andre-bazin.fr\/gms\/","name":"GMS - Andre Bazin - Charcuterie et Salaison","description":"","publisher":{"@id":"https:\/\/andre-bazin.fr\/gms\/#organization"},"potentialAction":[{"@type":"SearchAction","target":{"@type":"EntryPoint","urlTemplate":"https:\/\/andre-bazin.fr\/gms\/?s={search_term_string}"},"query-input":{"@type":"PropertyValueSpecification","valueRequired":true,"valueName":"search_term_string"}}],"inLanguage":"fr-FR"},{"@type":"Organization","@id":"https:\/\/andre-bazin.fr\/gms\/#organization","name":"GMS - Andre Bazin - Charcuterie et Salaison","url":"https:\/\/andre-bazin.fr\/gms\/","logo":{"@type":"ImageObject","inLanguage":"fr-FR","@id":"https:\/\/andre-bazin.fr\/gms\/#\/schema\/logo\/image\/","url":"https:\/\/andre-bazin.fr\/gms\/wp-content\/uploads\/sites\/7\/2024\/05\/LOGO_ANDRE_BAZIN-HD.png","contentUrl":"https:\/\/andre-bazin.fr\/gms\/wp-content\/uploads\/sites\/7\/2024\/05\/LOGO_ANDRE_BAZIN-HD.png","width":1515,"height":660,"caption":"GMS - Andre Bazin - Charcuterie et Salaison"},"image":{"@id":"https:\/\/andre-bazin.fr\/gms\/#\/schema\/logo\/image\/"}}]}},"_links":{"self":[{"href":"https:\/\/andre-bazin.fr\/gms\/wp-json\/wp\/v2\/modele-produit\/3801","targetHints":{"allow":["GET"]}}],"collection":[{"href":"https:\/\/andre-bazin.fr\/gms\/wp-json\/wp\/v2\/modele-produit"}],"about":[{"href":"https:\/\/andre-bazin.fr\/gms\/wp-json\/wp\/v2\/types\/modele-produit"}],"wp:featuredmedia":[{"embeddable":true,"href":"https:\/\/andre-bazin.fr\/gms\/wp-json\/wp\/v2\/media\/3873"}],"wp:attachment":[{"href":"https:\/\/andre-bazin.fr\/gms\/wp-json\/wp\/v2\/media?parent=3801"}],"wp:term":[{"taxonomy":"classification","embeddable":true,"href":"https:\/\/andre-bazin.fr\/gms\/wp-json\/wp\/v2\/classification?post=3801"},{"taxonomy":"categories-produits","embeddable":true,"href":"https:\/\/andre-bazin.fr\/gms\/wp-json\/wp\/v2\/categories-produits?post=3801"}],"curies":[{"name":"wp","href":"https:\/\/api.w.org\/{rel}","templated":true}]}}

<p>La saucisse de Strasbourg possède une texture fine et ferme et est naturellement fumée, avec soin, au bois de résineux.</p>



<p>Spécialité de l’Est de la France, elle est appréciée de toute la famille et en toute occasion&nbsp;! Choucroute, assiette froide et sandwiches, elle accompagne tous vos plats du dimanche comme du quotidien.</p>

<!-- This site is optimized with the Yoast SEO plugin v27.3 - https://yoast.com/product/yoast-seo-wordpress/ -->
<title>La Saucisse de Strasbourg - GMS - Andre Bazin - Charcuterie et Salaison</title>
<meta name="robots" content="index, follow, max-snippet:-1, max-image-preview:large, max-video-preview:-1" />
<link rel="canonical" href="https://andre-bazin.fr/gms/modele-produit/la-saucisse-de-strasbourg/" />
<meta property="og:locale" content="fr_FR" />
<meta property="og:type" content="article" />
<meta property="og:title" content="La Saucisse de Strasbourg - GMS - Andre Bazin - Charcuterie et Salaison" />
<meta property="og:description" content="La saucisse de Strasbourg possède une texture fine et ferme et est naturellement fumée, avec soin, au bois de résineux. Spécialité de l’Est de la France, elle est appréciée de toute la famille et en toute occasion&nbsp;! Choucroute, assiette froide et sandwiches, elle accompagne tous vos plats du dimanche comme du quotidien." />
<meta property="og:url" content="https://andre-bazin.fr/gms/modele-produit/la-saucisse-de-strasbourg/" />
<meta property="og:site_name" content="GMS - Andre Bazin - Charcuterie et Salaison" />
<meta property="article:modified_time" content="2025-06-18T12:27:03+00:00" />
<meta property="og:image" content="https://andre-bazin.fr/gms/wp-content/uploads/sites/7/2024/12/La-Saucisse-de-Strasbourg.png" />
	<meta property="og:image:width" content="247" />
	<meta property="og:image:height" content="233" />
	<meta property="og:image:type" content="image/png" />
<meta name="twitter:card" content="summary_large_image" />
<meta name="twitter:label1" content="Durée de lecture estimée" />
	<meta name="twitter:data1" content="1 minute" />
<script type="application/ld+json" class="yoast-schema-graph">{"@context":"https:\/\/schema.org","@graph":[{"@type":"WebPage","@id":"https:\/\/andre-bazin.fr\/gms\/modele-produit\/la-saucisse-de-strasbourg\/","url":"https:\/\/andre-bazin.fr\/gms\/modele-produit\/la-saucisse-de-strasbourg\/","name":"La Saucisse de Strasbourg - GMS - Andre Bazin - Charcuterie et Salaison","isPartOf":{"@id":"https:\/\/andre-bazin.fr\/gms\/#website"},"primaryImageOfPage":{"@id":"https:\/\/andre-bazin.fr\/gms\/modele-produit\/la-saucisse-de-strasbourg\/#primaryimage"},"image":{"@id":"https:\/\/andre-bazin.fr\/gms\/modele-produit\/la-saucisse-de-strasbourg\/#primaryimage"},"thumbnailUrl":"https:\/\/andre-bazin.fr\/gms\/wp-content\/uploads\/sites\/7\/2024\/12\/La-Saucisse-de-Strasbourg.png","datePublished":"2024-12-23T20:02:43+00:00","dateModified":"2025-06-18T12:27:03+00:00","breadcrumb":{"@id":"https:\/\/andre-bazin.fr\/gms\/modele-produit\/la-saucisse-de-strasbourg\/#breadcrumb"},"inLanguage":"fr-FR","potentialAction":[{"@type":"ReadAction","target":["https:\/\/andre-bazin.fr\/gms\/modele-produit\/la-saucisse-de-strasbourg\/"]}]},{"@type":"ImageObject","inLanguage":"fr-FR","@id":"https:\/\/andre-bazin.fr\/gms\/modele-produit\/la-saucisse-de-strasbourg\/#primaryimage","url":"https:\/\/andre-bazin.fr\/gms\/wp-content\/uploads\/sites\/7\/2024\/12\/La-Saucisse-de-Strasbourg.png","contentUrl":"https:\/\/andre-bazin.fr\/gms\/wp-content\/uploads\/sites\/7\/2024\/12\/La-Saucisse-de-Strasbourg.png","width":247,"height":233},{"@type":"BreadcrumbList","@id":"https:\/\/andre-bazin.fr\/gms\/modele-produit\/la-saucisse-de-strasbourg\/#breadcrumb","itemListElement":[{"@type":"ListItem","position":1,"name":"Accueil","item":"https:\/\/andre-bazin.fr\/gms\/"},{"@type":"ListItem","position":2,"name":"Les produits","item":"https:\/\/andre-bazin.fr\/gms\/modele-produit\/"},{"@type":"ListItem","position":3,"name":"La Saucisse de Strasbourg"}]},{"@type":"WebSite","@id":"https:\/\/andre-bazin.fr\/gms\/#website","url":"https:\/\/andre-bazin.fr\/gms\/","name":"GMS - Andre Bazin - Charcuterie et Salaison","description":"","publisher":{"@id":"https:\/\/andre-bazin.fr\/gms\/#organization"},"potentialAction":[{"@type":"SearchAction","target":{"@type":"EntryPoint","urlTemplate":"https:\/\/andre-bazin.fr\/gms\/?s={search_term_string}"},"query-input":{"@type":"PropertyValueSpecification","valueRequired":true,"valueName":"search_term_string"}}],"inLanguage":"fr-FR"},{"@type":"Organization","@id":"https:\/\/andre-bazin.fr\/gms\/#organization","name":"GMS - Andre Bazin - Charcuterie et Salaison","url":"https:\/\/andre-bazin.fr\/gms\/","logo":{"@type":"ImageObject","inLanguage":"fr-FR","@id":"https:\/\/andre-bazin.fr\/gms\/#\/schema\/logo\/image\/","url":"https:\/\/andre-bazin.fr\/gms\/wp-content\/uploads\/sites\/7\/2024\/05\/LOGO_ANDRE_BAZIN-HD.png","contentUrl":"https:\/\/andre-bazin.fr\/gms\/wp-content\/uploads\/sites\/7\/2024\/05\/LOGO_ANDRE_BAZIN-HD.png","width":1515,"height":660,"caption":"GMS - Andre Bazin - Charcuterie et Salaison"},"image":{"@id":"https:\/\/andre-bazin.fr\/gms\/#\/schema\/logo\/image\/"}}]}</script>
<!-- / Yoast SEO plugin. -->

La saucisse de Strasbourg possède une texture fine et ferme et est naturellement fumée, avec soin, au bois de résineux. Spécialité de l’Est de la France, elle est appréciée de toute la famille et en toute occasion&nbsp;! Choucroute, assiette froide et sandwiches, elle accompagne tous vos plats du dimanche comme du quotidien.
