{"id":140,"date":"2024-05-15T15:04:22","date_gmt":"2024-05-15T15:04:22","guid":{"rendered":"https:\/\/andre-bazin.fr\/gms\/?page_id=140"},"modified":"2025-02-05T16:58:08","modified_gmt":"2025-02-05T16:58:08","slug":"documentation","status":"publish","type":"page","link":"https:\/\/andre-bazin.fr\/gms\/documentation\/","title":{"rendered":"Documentation"},"content":{"rendered":"\t\t<div data-elementor-type=\"wp-page\" data-elementor-id=\"140\" class=\"elementor elementor-140\" data-elementor-post-type=\"page\">\n\t\t\t\t<div class=\"elementor-element elementor-element-00df49c e-flex e-con-boxed e-con e-parent\" data-id=\"00df49c\" data-element_type=\"container\" data-e-type=\"container\" data-settings=\"{&quot;background_background&quot;:&quot;classic&quot;,&quot;jet_parallax_layout_list&quot;:[]}\">\n\t\t\t\t\t<div class=\"e-con-inner\">\n\t\t\t\t<div class=\"elementor-element elementor-element-9af9b10 elementor-align-left elementor-widget__width-initial elementor-widget elementor-widget-breadcrumbs\" data-id=\"9af9b10\" data-element_type=\"widget\" data-e-type=\"widget\" data-widget_type=\"breadcrumbs.default\">\n\t\t\t\t<div class=\"elementor-widget-container\">\n\t\t\t\t\t<p id=\"breadcrumbs\"><span><span><a href=\"https:\/\/andre-bazin.fr\/gms\/\">Accueil<\/a><\/span><\/span><\/p>\t\t\t\t<\/div>\n\t\t\t\t<\/div>\n\t\t\t\t<div class=\"elementor-element elementor-element-2111b75 elementor-widget__width-initial elementor-widget elementor-widget-heading\" data-id=\"2111b75\" data-element_type=\"widget\" data-e-type=\"widget\" data-widget_type=\"heading.default\">\n\t\t\t\t<div class=\"elementor-widget-container\">\n\t\t\t\t\t<h1 class=\"elementor-heading-title elementor-size-default\">DOCUMENTS<\/h1>\t\t\t\t<\/div>\n\t\t\t\t<\/div>\n\t\t\t\t\t<\/div>\n\t\t\t\t<\/div>\n\t\t<div class=\"elementor-element elementor-element-9e47a6b e-flex e-con-boxed e-con e-parent\" data-id=\"9e47a6b\" data-element_type=\"container\" data-e-type=\"container\" data-settings=\"{&quot;jet_parallax_layout_list&quot;:[]}\">\n\t\t\t\t\t<div class=\"e-con-inner\">\n\t\t<div class=\"elementor-element elementor-element-f127771 e-con-full e-flex e-con e-child\" data-id=\"f127771\" data-element_type=\"container\" data-e-type=\"container\" data-settings=\"{&quot;jet_parallax_layout_list&quot;:[],&quot;background_background&quot;:&quot;classic&quot;}\">\n\t\t\t\t<div class=\"elementor-element elementor-element-8a71517 elementor-widget elementor-widget-image\" data-id=\"8a71517\" data-element_type=\"widget\" data-e-type=\"widget\" data-widget_type=\"image.default\">\n\t\t\t\t<div class=\"elementor-widget-container\">\n\t\t\t\t\t\t\t\t\t\t\t\t\t\t\t\t<a href=\"https:\/\/andre-bazin.fr\/gms\/demande-catalogue\/\">\n\t\t\t\t\t\t\t<img fetchpriority=\"high\" decoding=\"async\" width=\"500\" height=\"495\" src=\"https:\/\/andre-bazin.fr\/gms\/wp-content\/uploads\/sites\/7\/2024\/07\/Notre-catalogue-produits-Andre-Bazin.png\" class=\"attachment-large size-large wp-image-1448\" alt=\"\" srcset=\"https:\/\/andre-bazin.fr\/gms\/wp-content\/uploads\/sites\/7\/2024\/07\/Notre-catalogue-produits-Andre-Bazin.png 500w, https:\/\/andre-bazin.fr\/gms\/wp-content\/uploads\/sites\/7\/2024\/07\/Notre-catalogue-produits-Andre-Bazin-300x297.png 300w, https:\/\/andre-bazin.fr\/gms\/wp-content\/uploads\/sites\/7\/2024\/07\/Notre-catalogue-produits-Andre-Bazin-150x150.png 150w\" sizes=\"(max-width: 500px) 100vw, 500px\" \/>\t\t\t\t\t\t\t\t<\/a>\n\t\t\t\t\t\t\t\t\t\t\t\t\t\t\t<\/div>\n\t\t\t\t<\/div>\n\t\t\t\t<\/div>\n\t\t<div class=\"elementor-element elementor-element-b6dacfc e-con-full e-flex e-con e-child\" data-id=\"b6dacfc\" data-element_type=\"container\" data-e-type=\"container\" data-settings=\"{&quot;jet_parallax_layout_list&quot;:[]}\">\n\t\t\t\t<div class=\"elementor-element elementor-element-1d23cd1 elementor-widget elementor-widget-heading\" data-id=\"1d23cd1\" data-element_type=\"widget\" data-e-type=\"widget\" data-widget_type=\"heading.default\">\n\t\t\t\t<div class=\"elementor-widget-container\">\n\t\t\t\t\t<h2 class=\"elementor-heading-title elementor-size-default\">Notre catalogue produits\n<\/h2>\t\t\t\t<\/div>\n\t\t\t\t<\/div>\n\t\t\t\t<div class=\"elementor-element elementor-element-4e43d0e elementor-widget__width-initial elementor-widget elementor-widget-text-editor\" data-id=\"4e43d0e\" data-element_type=\"widget\" data-e-type=\"widget\" data-widget_type=\"text-editor.default\">\n\t\t\t\t<div class=\"elementor-widget-container\">\n\t\t\t\t\t\t\t\t\t<strong>D\u00e9couvrez\u00a0toutes nos gammes produits PAI dans notre\u00a0catalogue.<\/strong>\n\nVous y trouverez \u00e9galement nos derni\u00e8res nouveaut\u00e9s 2024, nos Mini-formats, nos Saucisses Sp\u00e9ciales Hot-dog et notre Gamme Fusion combinant prot\u00e9ines carn\u00e9es et v\u00e9g\u00e9tales.\t\t\t\t\t\t\t\t<\/div>\n\t\t\t\t<\/div>\n\t\t\t\t<\/div>\n\t\t<div class=\"elementor-element elementor-element-4f42c7c e-con-full e-flex e-con e-child\" data-id=\"4f42c7c\" data-element_type=\"container\" data-e-type=\"container\" data-settings=\"{&quot;jet_parallax_layout_list&quot;:[]}\">\n\t\t\t\t<div class=\"elementor-element elementor-element-e2c0c93 elementor-align-right elementor-tablet-align-left elementor-widget-tablet__width-inherit elementor-widget elementor-widget-button\" data-id=\"e2c0c93\" data-element_type=\"widget\" data-e-type=\"widget\" data-widget_type=\"button.default\">\n\t\t\t\t<div class=\"elementor-widget-container\">\n\t\t\t\t\t\t\t\t\t<div class=\"elementor-button-wrapper\">\n\t\t\t\t\t<a class=\"elementor-button elementor-button-link elementor-size-sm\" href=\"https:\/\/andre-bazin.fr\/gms\/demande-catalogue\/\">\n\t\t\t\t\t\t<span class=\"elementor-button-content-wrapper\">\n\t\t\t\t\t\t\t\t\t<span class=\"elementor-button-text\">Demander le catalogue <\/span>\n\t\t\t\t\t<\/span>\n\t\t\t\t\t<\/a>\n\t\t\t\t<\/div>\n\t\t\t\t\t\t\t\t<\/div>\n\t\t\t\t<\/div>\n\t\t\t\t<\/div>\n\t\t\t\t\t<\/div>\n\t\t\t\t<\/div>\n\t\t\t\t<\/div>\n\t\t","protected":false},"excerpt":{"rendered":"<p>DOCUMENTS Notre catalogue produits D\u00e9couvrez\u00a0toutes nos gammes produits PAI dans notre\u00a0catalogue. Vous y trouverez \u00e9galement nos derni\u00e8res nouveaut\u00e9s 2024, nos Mini-formats, nos Saucisses Sp\u00e9ciales Hot-dog et notre Gamme Fusion combinant prot\u00e9ines carn\u00e9es et v\u00e9g\u00e9tales. Demander le catalogue<\/p>\n","protected":false},"author":2,"featured_media":3670,"parent":0,"menu_order":0,"comment_status":"closed","ping_status":"closed","template":"","meta":{"footnotes":""},"class_list":["post-140","page","type-page","status-publish","has-post-thumbnail","hentry"],"yoast_head":"<!-- This site is optimized with the Yoast SEO plugin v27.3 - https:\/\/yoast.com\/product\/yoast-seo-wordpress\/ -->\n<title>GMS - Documentation Andr\u00e9 Bazin<\/title>\n<meta name=\"description\" content=\"Acc\u00e9dez \u00e0 la documentation GMS Andr\u00e9 Bazin et d\u00e9couvrez des informations d\u00e9taill\u00e9es sur nos produits et services d\u00e9di\u00e9s\" \/>\n<meta name=\"robots\" content=\"index, follow, max-snippet:-1, max-image-preview:large, max-video-preview:-1\" \/>\n<link rel=\"canonical\" href=\"https:\/\/andre-bazin.fr\/gms\/documentation\/\" \/>\n<meta property=\"og:locale\" content=\"fr_FR\" \/>\n<meta property=\"og:type\" content=\"article\" \/>\n<meta property=\"og:title\" content=\"GMS - Documentation Andr\u00e9 Bazin\" \/>\n<meta property=\"og:description\" content=\"Acc\u00e9dez \u00e0 la documentation GMS Andr\u00e9 Bazin et d\u00e9couvrez des informations d\u00e9taill\u00e9es sur nos produits et services d\u00e9di\u00e9s\" \/>\n<meta property=\"og:url\" content=\"https:\/\/andre-bazin.fr\/gms\/documentation\/\" \/>\n<meta property=\"og:site_name\" content=\"GMS - Andre Bazin - Charcuterie et Salaison\" \/>\n<meta property=\"article:modified_time\" content=\"2025-02-05T16:58:08+00:00\" \/>\n<meta property=\"og:image\" content=\"https:\/\/andre-bazin.fr\/gms\/wp-content\/uploads\/sites\/7\/2024\/12\/Protocole-OG.png\" \/>\n\t<meta property=\"og:image:width\" content=\"1920\" \/>\n\t<meta property=\"og:image:height\" content=\"1080\" \/>\n\t<meta property=\"og:image:type\" content=\"image\/png\" \/>\n<meta name=\"twitter:card\" content=\"summary_large_image\" \/>\n<meta name=\"twitter:label1\" content=\"Dur\u00e9e de lecture estim\u00e9e\" \/>\n\t<meta name=\"twitter:data1\" content=\"1 minute\" \/>\n<script type=\"application\/ld+json\" class=\"yoast-schema-graph\">{\"@context\":\"https:\\\/\\\/schema.org\",\"@graph\":[{\"@type\":\"WebPage\",\"@id\":\"https:\\\/\\\/andre-bazin.fr\\\/gms\\\/documentation\\\/\",\"url\":\"https:\\\/\\\/andre-bazin.fr\\\/gms\\\/documentation\\\/\",\"name\":\"GMS - Documentation Andr\u00e9 Bazin\",\"isPartOf\":{\"@id\":\"https:\\\/\\\/andre-bazin.fr\\\/gms\\\/#website\"},\"primaryImageOfPage\":{\"@id\":\"https:\\\/\\\/andre-bazin.fr\\\/gms\\\/documentation\\\/#primaryimage\"},\"image\":{\"@id\":\"https:\\\/\\\/andre-bazin.fr\\\/gms\\\/documentation\\\/#primaryimage\"},\"thumbnailUrl\":\"https:\\\/\\\/andre-bazin.fr\\\/gms\\\/wp-content\\\/uploads\\\/sites\\\/7\\\/2024\\\/12\\\/Protocole-OG.png\",\"datePublished\":\"2024-05-15T15:04:22+00:00\",\"dateModified\":\"2025-02-05T16:58:08+00:00\",\"description\":\"Acc\u00e9dez \u00e0 la documentation GMS Andr\u00e9 Bazin et d\u00e9couvrez des informations d\u00e9taill\u00e9es sur nos produits et services d\u00e9di\u00e9s\",\"breadcrumb\":{\"@id\":\"https:\\\/\\\/andre-bazin.fr\\\/gms\\\/documentation\\\/#breadcrumb\"},\"inLanguage\":\"fr-FR\",\"potentialAction\":[{\"@type\":\"ReadAction\",\"target\":[\"https:\\\/\\\/andre-bazin.fr\\\/gms\\\/documentation\\\/\"]}]},{\"@type\":\"ImageObject\",\"inLanguage\":\"fr-FR\",\"@id\":\"https:\\\/\\\/andre-bazin.fr\\\/gms\\\/documentation\\\/#primaryimage\",\"url\":\"https:\\\/\\\/andre-bazin.fr\\\/gms\\\/wp-content\\\/uploads\\\/sites\\\/7\\\/2024\\\/12\\\/Protocole-OG.png\",\"contentUrl\":\"https:\\\/\\\/andre-bazin.fr\\\/gms\\\/wp-content\\\/uploads\\\/sites\\\/7\\\/2024\\\/12\\\/Protocole-OG.png\",\"width\":1920,\"height\":1080},{\"@type\":\"BreadcrumbList\",\"@id\":\"https:\\\/\\\/andre-bazin.fr\\\/gms\\\/documentation\\\/#breadcrumb\",\"itemListElement\":[{\"@type\":\"ListItem\",\"position\":1,\"name\":\"Accueil\",\"item\":\"https:\\\/\\\/andre-bazin.fr\\\/gms\\\/\"},{\"@type\":\"ListItem\",\"position\":2,\"name\":\"Documentation\"}]},{\"@type\":\"WebSite\",\"@id\":\"https:\\\/\\\/andre-bazin.fr\\\/gms\\\/#website\",\"url\":\"https:\\\/\\\/andre-bazin.fr\\\/gms\\\/\",\"name\":\"GMS - Andre Bazin - Charcuterie et Salaison\",\"description\":\"\",\"publisher\":{\"@id\":\"https:\\\/\\\/andre-bazin.fr\\\/gms\\\/#organization\"},\"potentialAction\":[{\"@type\":\"SearchAction\",\"target\":{\"@type\":\"EntryPoint\",\"urlTemplate\":\"https:\\\/\\\/andre-bazin.fr\\\/gms\\\/?s={search_term_string}\"},\"query-input\":{\"@type\":\"PropertyValueSpecification\",\"valueRequired\":true,\"valueName\":\"search_term_string\"}}],\"inLanguage\":\"fr-FR\"},{\"@type\":\"Organization\",\"@id\":\"https:\\\/\\\/andre-bazin.fr\\\/gms\\\/#organization\",\"name\":\"GMS - Andre Bazin - Charcuterie et Salaison\",\"url\":\"https:\\\/\\\/andre-bazin.fr\\\/gms\\\/\",\"logo\":{\"@type\":\"ImageObject\",\"inLanguage\":\"fr-FR\",\"@id\":\"https:\\\/\\\/andre-bazin.fr\\\/gms\\\/#\\\/schema\\\/logo\\\/image\\\/\",\"url\":\"https:\\\/\\\/andre-bazin.fr\\\/gms\\\/wp-content\\\/uploads\\\/sites\\\/7\\\/2024\\\/05\\\/LOGO_ANDRE_BAZIN-HD.png\",\"contentUrl\":\"https:\\\/\\\/andre-bazin.fr\\\/gms\\\/wp-content\\\/uploads\\\/sites\\\/7\\\/2024\\\/05\\\/LOGO_ANDRE_BAZIN-HD.png\",\"width\":1515,\"height\":660,\"caption\":\"GMS - Andre Bazin - Charcuterie et Salaison\"},\"image\":{\"@id\":\"https:\\\/\\\/andre-bazin.fr\\\/gms\\\/#\\\/schema\\\/logo\\\/image\\\/\"}}]}<\/script>\n<!-- \/ Yoast SEO plugin. -->","yoast_head_json":{"title":"GMS - Documentation Andr\u00e9 Bazin","description":"Acc\u00e9dez \u00e0 la documentation GMS Andr\u00e9 Bazin et d\u00e9couvrez des informations d\u00e9taill\u00e9es sur nos produits et services d\u00e9di\u00e9s","robots":{"index":"index","follow":"follow","max-snippet":"max-snippet:-1","max-image-preview":"max-image-preview:large","max-video-preview":"max-video-preview:-1"},"canonical":"https:\/\/andre-bazin.fr\/gms\/documentation\/","og_locale":"fr_FR","og_type":"article","og_title":"GMS - Documentation Andr\u00e9 Bazin","og_description":"Acc\u00e9dez \u00e0 la documentation GMS Andr\u00e9 Bazin et d\u00e9couvrez des informations d\u00e9taill\u00e9es sur nos produits et services d\u00e9di\u00e9s","og_url":"https:\/\/andre-bazin.fr\/gms\/documentation\/","og_site_name":"GMS - Andre Bazin - Charcuterie et Salaison","article_modified_time":"2025-02-05T16:58:08+00:00","og_image":[{"width":1920,"height":1080,"url":"https:\/\/andre-bazin.fr\/gms\/wp-content\/uploads\/sites\/7\/2024\/12\/Protocole-OG.png","type":"image\/png"}],"twitter_card":"summary_large_image","twitter_misc":{"Dur\u00e9e de lecture estim\u00e9e":"1 minute"},"schema":{"@context":"https:\/\/schema.org","@graph":[{"@type":"WebPage","@id":"https:\/\/andre-bazin.fr\/gms\/documentation\/","url":"https:\/\/andre-bazin.fr\/gms\/documentation\/","name":"GMS - Documentation Andr\u00e9 Bazin","isPartOf":{"@id":"https:\/\/andre-bazin.fr\/gms\/#website"},"primaryImageOfPage":{"@id":"https:\/\/andre-bazin.fr\/gms\/documentation\/#primaryimage"},"image":{"@id":"https:\/\/andre-bazin.fr\/gms\/documentation\/#primaryimage"},"thumbnailUrl":"https:\/\/andre-bazin.fr\/gms\/wp-content\/uploads\/sites\/7\/2024\/12\/Protocole-OG.png","datePublished":"2024-05-15T15:04:22+00:00","dateModified":"2025-02-05T16:58:08+00:00","description":"Acc\u00e9dez \u00e0 la documentation GMS Andr\u00e9 Bazin et d\u00e9couvrez des informations d\u00e9taill\u00e9es sur nos produits et services d\u00e9di\u00e9s","breadcrumb":{"@id":"https:\/\/andre-bazin.fr\/gms\/documentation\/#breadcrumb"},"inLanguage":"fr-FR","potentialAction":[{"@type":"ReadAction","target":["https:\/\/andre-bazin.fr\/gms\/documentation\/"]}]},{"@type":"ImageObject","inLanguage":"fr-FR","@id":"https:\/\/andre-bazin.fr\/gms\/documentation\/#primaryimage","url":"https:\/\/andre-bazin.fr\/gms\/wp-content\/uploads\/sites\/7\/2024\/12\/Protocole-OG.png","contentUrl":"https:\/\/andre-bazin.fr\/gms\/wp-content\/uploads\/sites\/7\/2024\/12\/Protocole-OG.png","width":1920,"height":1080},{"@type":"BreadcrumbList","@id":"https:\/\/andre-bazin.fr\/gms\/documentation\/#breadcrumb","itemListElement":[{"@type":"ListItem","position":1,"name":"Accueil","item":"https:\/\/andre-bazin.fr\/gms\/"},{"@type":"ListItem","position":2,"name":"Documentation"}]},{"@type":"WebSite","@id":"https:\/\/andre-bazin.fr\/gms\/#website","url":"https:\/\/andre-bazin.fr\/gms\/","name":"GMS - Andre Bazin - Charcuterie et Salaison","description":"","publisher":{"@id":"https:\/\/andre-bazin.fr\/gms\/#organization"},"potentialAction":[{"@type":"SearchAction","target":{"@type":"EntryPoint","urlTemplate":"https:\/\/andre-bazin.fr\/gms\/?s={search_term_string}"},"query-input":{"@type":"PropertyValueSpecification","valueRequired":true,"valueName":"search_term_string"}}],"inLanguage":"fr-FR"},{"@type":"Organization","@id":"https:\/\/andre-bazin.fr\/gms\/#organization","name":"GMS - Andre Bazin - Charcuterie et Salaison","url":"https:\/\/andre-bazin.fr\/gms\/","logo":{"@type":"ImageObject","inLanguage":"fr-FR","@id":"https:\/\/andre-bazin.fr\/gms\/#\/schema\/logo\/image\/","url":"https:\/\/andre-bazin.fr\/gms\/wp-content\/uploads\/sites\/7\/2024\/05\/LOGO_ANDRE_BAZIN-HD.png","contentUrl":"https:\/\/andre-bazin.fr\/gms\/wp-content\/uploads\/sites\/7\/2024\/05\/LOGO_ANDRE_BAZIN-HD.png","width":1515,"height":660,"caption":"GMS - Andre Bazin - Charcuterie et Salaison"},"image":{"@id":"https:\/\/andre-bazin.fr\/gms\/#\/schema\/logo\/image\/"}}]}},"_links":{"self":[{"href":"https:\/\/andre-bazin.fr\/gms\/wp-json\/wp\/v2\/pages\/140","targetHints":{"allow":["GET"]}}],"collection":[{"href":"https:\/\/andre-bazin.fr\/gms\/wp-json\/wp\/v2\/pages"}],"about":[{"href":"https:\/\/andre-bazin.fr\/gms\/wp-json\/wp\/v2\/types\/page"}],"author":[{"embeddable":true,"href":"https:\/\/andre-bazin.fr\/gms\/wp-json\/wp\/v2\/users\/2"}],"replies":[{"embeddable":true,"href":"https:\/\/andre-bazin.fr\/gms\/wp-json\/wp\/v2\/comments?post=140"}],"version-history":[{"count":163,"href":"https:\/\/andre-bazin.fr\/gms\/wp-json\/wp\/v2\/pages\/140\/revisions"}],"predecessor-version":[{"id":4564,"href":"https:\/\/andre-bazin.fr\/gms\/wp-json\/wp\/v2\/pages\/140\/revisions\/4564"}],"wp:featuredmedia":[{"embeddable":true,"href":"https:\/\/andre-bazin.fr\/gms\/wp-json\/wp\/v2\/media\/3670"}],"wp:attachment":[{"href":"https:\/\/andre-bazin.fr\/gms\/wp-json\/wp\/v2\/media?parent=140"}],"curies":[{"name":"wp","href":"https:\/\/api.w.org\/{rel}","templated":true}]}}